{"id":351,"date":"2023-02-16T15:24:34","date_gmt":"2023-02-16T15:24:34","guid":{"rendered":"https:\/\/www.iseg.ulisboa.pt\/internacional\/?page_id=351"},"modified":"2025-08-28T15:50:34","modified_gmt":"2025-08-28T15:50:34","slug":"programas-de-mobilidade","status":"publish","type":"page","link":"https:\/\/www.iseg.ulisboa.pt\/internacional\/mobilidade-outgoing\/programas-de-mobilidade\/","title":{"rendered":"Programas de Mobilidade"},"content":{"rendered":"\n<p class=\"has-large-font-size\">O ISEG oferece aos alunos de licenciatura e mestrado a oportunidade de participar em programas de mobilidade em institui\u00e7\u00f5es parceiras de todo o mundo.<\/p>\n\n\n<div class=\"block-course-features\">\n    <div class=\"container\">\n                    <div class=\"course-features__grid\">\n        \n            <div class=\"course-features__item\">\n                                    <div class=\"course-features__image\">\n                        <img decoding=\"async\" src=\"https:\/\/www.iseg.ulisboa.pt\/internacional\/wp-content\/uploads\/sites\/10\/2023\/02\/pm-easmus.jpg\" loading=\"lazy\" sizes=\"(max-width: 479px) 86vw, (max-width: 767px) 82vw, (max-width: 991px) 41vw, 32vw\" srcset=\"https:\/\/www.iseg.ulisboa.pt\/internacional\/wp-content\/uploads\/sites\/10\/2023\/02\/pm-easmus.jpg 500w, https:\/\/www.iseg.ulisboa.pt\/internacional\/wp-content\/uploads\/sites\/10\/2023\/02\/pm-easmus.jpg 800w, https:\/\/www.iseg.ulisboa.pt\/internacional\/wp-content\/uploads\/sites\/10\/2023\/02\/pm-easmus.jpg 1080w, https:\/\/www.iseg.ulisboa.pt\/internacional\/wp-content\/uploads\/sites\/10\/2023\/02\/pm-easmus.jpg 1340w\" alt=\"\" class=\"image-cover\">\n                    <\/div>\n                                <div class=\"course-features__content\">\n                    <div class=\"course-features__topcut\"><\/div>\n                    <h4 class=\"course-features__heading\">\n                                                    <a href=\"https:\/\/www.iseg.ulisboa.pt\/internacional\/mobilidade-outgoing\/programas-de-mobilidade\/erasmus\/\">Erasmus+<\/a>\n                                            <\/h4>\n                    <div class=\"course-features__text\">O Programa Erasmus+ oferece aos alunos a possibilidade de efectuar um per\u00edodo de estudos no estrangeiro, com o respectivo reconhecimento acad\u00e9mico.<\/div>\n                                            <a href=\"https:\/\/www.iseg.ulisboa.pt\/internacional\/mobilidade-outgoing\/programas-de-mobilidade\/erasmus\/\"  class=\"link-learnmore\">Saber mais<\/a>\n                                    <\/div>\n            <\/div>\n\n        \n            <div class=\"course-features__item\">\n                                    <div class=\"course-features__image\">\n                        <img decoding=\"async\" src=\"https:\/\/www.iseg.ulisboa.pt\/internacional\/wp-content\/uploads\/sites\/10\/2023\/02\/pm-intercambio.jpg\" loading=\"lazy\" sizes=\"(max-width: 479px) 86vw, (max-width: 767px) 82vw, (max-width: 991px) 41vw, 32vw\" srcset=\"https:\/\/www.iseg.ulisboa.pt\/internacional\/wp-content\/uploads\/sites\/10\/2023\/02\/pm-intercambio.jpg 500w, https:\/\/www.iseg.ulisboa.pt\/internacional\/wp-content\/uploads\/sites\/10\/2023\/02\/pm-intercambio.jpg 800w, https:\/\/www.iseg.ulisboa.pt\/internacional\/wp-content\/uploads\/sites\/10\/2023\/02\/pm-intercambio.jpg 1080w, https:\/\/www.iseg.ulisboa.pt\/internacional\/wp-content\/uploads\/sites\/10\/2023\/02\/pm-intercambio.jpg 1340w\" alt=\"\" class=\"image-cover\">\n                    <\/div>\n                                <div class=\"course-features__content\">\n                    <div class=\"course-features__topcut\"><\/div>\n                    <h4 class=\"course-features__heading\">\n                                                    <a href=\"https:\/\/www.iseg.ulisboa.pt\/internacional\/mobilidade-outgoing\/programas-de-mobilidade\/intercambio\/\">Interc\u00e2mbio<\/a>\n                                            <\/h4>\n                    <div class=\"course-features__text\">H\u00e1 mais para al\u00e9m do programa erasmus, queres ter uma experi\u00eancia internacional mas fora do continente europeu?<\/div>\n                                            <a href=\"https:\/\/www.iseg.ulisboa.pt\/internacional\/mobilidade-outgoing\/programas-de-mobilidade\/intercambio\/\"  class=\"link-learnmore\">Saber mais<\/a>\n                                    <\/div>\n            <\/div>\n\n        \n            <div class=\"course-features__item\">\n                                    <div class=\"course-features__image\">\n                        <img decoding=\"async\" src=\"https:\/\/www.iseg.ulisboa.pt\/internacional\/wp-content\/uploads\/sites\/10\/2023\/02\/Licenciaturas-1.jpg\" loading=\"lazy\" sizes=\"(max-width: 479px) 86vw, (max-width: 767px) 82vw, (max-width: 991px) 41vw, 32vw\" srcset=\"https:\/\/www.iseg.ulisboa.pt\/internacional\/wp-content\/uploads\/sites\/10\/2023\/02\/Licenciaturas-1.jpg 500w, https:\/\/www.iseg.ulisboa.pt\/internacional\/wp-content\/uploads\/sites\/10\/2023\/02\/Licenciaturas-1.jpg 800w, https:\/\/www.iseg.ulisboa.pt\/internacional\/wp-content\/uploads\/sites\/10\/2023\/02\/Licenciaturas-1.jpg 1080w, https:\/\/www.iseg.ulisboa.pt\/internacional\/wp-content\/uploads\/sites\/10\/2023\/02\/Licenciaturas-1.jpg 1340w\" alt=\"\" class=\"image-cover\">\n                    <\/div>\n                                <div class=\"course-features__content\">\n                    <div class=\"course-features__topcut\"><\/div>\n                    <h4 class=\"course-features__heading\">\n                                                    <a href=\"https:\/\/www.iseg.ulisboa.pt\/internacional\/mobilidade-outgoing\/programas-de-mobilidade\/estagios-erasmus\/\">Est\u00e1gios Erasmus+<\/a>\n                                            <\/h4>\n                    <div class=\"course-features__text\">Se est\u00e1s a pensar num est\u00e1gio numa empresa europeia, o programa erasmus+ pode financiar o teu est\u00e1gio e ajudar com as despesas.<\/div>\n                                            <a href=\"https:\/\/www.iseg.ulisboa.pt\/internacional\/mobilidade-outgoing\/programas-de-mobilidade\/estagios-erasmus\/\"  class=\"link-learnmore\">Saber mais<\/a>\n                                    <\/div>\n            <\/div>\n\n        \n            <div class=\"course-features__item\">\n                                    <div class=\"course-features__image\">\n                        <img decoding=\"async\" src=\"https:\/\/www.iseg.ulisboa.pt\/internacional\/wp-content\/uploads\/sites\/10\/2023\/02\/pm-almeida-garrett.jpg\" loading=\"lazy\" sizes=\"(max-width: 479px) 86vw, (max-width: 767px) 82vw, (max-width: 991px) 41vw, 32vw\" srcset=\"https:\/\/www.iseg.ulisboa.pt\/internacional\/wp-content\/uploads\/sites\/10\/2023\/02\/pm-almeida-garrett.jpg 500w, https:\/\/www.iseg.ulisboa.pt\/internacional\/wp-content\/uploads\/sites\/10\/2023\/02\/pm-almeida-garrett.jpg 800w, https:\/\/www.iseg.ulisboa.pt\/internacional\/wp-content\/uploads\/sites\/10\/2023\/02\/pm-almeida-garrett.jpg 1080w, https:\/\/www.iseg.ulisboa.pt\/internacional\/wp-content\/uploads\/sites\/10\/2023\/02\/pm-almeida-garrett.jpg 1340w\" alt=\"\" class=\"image-cover\">\n                    <\/div>\n                                <div class=\"course-features__content\">\n                    <div class=\"course-features__topcut\"><\/div>\n                    <h4 class=\"course-features__heading\">\n                                                    <a href=\"https:\/\/www.iseg.ulisboa.pt\/internacional\/mobilidade-outgoing\/programas-de-mobilidade\/almeida-garrett\/\">Almeida Garrett<\/a>\n                                            <\/h4>\n                    <div class=\"course-features__text\">Programa de mobilidade Nacional de alunos do Ensino superior, que visa promover a qualidade e refor\u00e7ar a dimens\u00e3o nacional do ensino superior.<\/div>\n                                            <a href=\"https:\/\/www.iseg.ulisboa.pt\/internacional\/mobilidade-outgoing\/programas-de-mobilidade\/almeida-garrett\/\"  class=\"link-learnmore\">Saber mais<\/a>\n                                    <\/div>\n            <\/div>\n\n        \n            <div class=\"course-features__item\">\n                                    <div class=\"course-features__image\">\n                        <img decoding=\"async\" src=\"https:\/\/www.iseg.ulisboa.pt\/internacional\/wp-content\/uploads\/sites\/10\/2023\/02\/pm-bpi.jpg\" loading=\"lazy\" sizes=\"(max-width: 479px) 86vw, (max-width: 767px) 82vw, (max-width: 991px) 41vw, 32vw\" srcset=\"https:\/\/www.iseg.ulisboa.pt\/internacional\/wp-content\/uploads\/sites\/10\/2023\/02\/pm-bpi.jpg 500w, https:\/\/www.iseg.ulisboa.pt\/internacional\/wp-content\/uploads\/sites\/10\/2023\/02\/pm-bpi.jpg 800w, https:\/\/www.iseg.ulisboa.pt\/internacional\/wp-content\/uploads\/sites\/10\/2023\/02\/pm-bpi.jpg 1080w, https:\/\/www.iseg.ulisboa.pt\/internacional\/wp-content\/uploads\/sites\/10\/2023\/02\/pm-bpi.jpg 1340w\" alt=\"\" class=\"image-cover\">\n                    <\/div>\n                                <div class=\"course-features__content\">\n                    <div class=\"course-features__topcut\"><\/div>\n                    <h4 class=\"course-features__heading\">\n                                                    <a href=\"https:\/\/www.iseg.ulisboa.pt\/internacional\/mobilidade-outgoing\/programas-de-mobilidade\/blended-intensive-programmes-bip\/\">Blended Intensive Programmes (BIP&#8217;s)<\/a>\n                                            <\/h4>\n                    <div class=\"course-features__text\">Programas curtos e intensivos que combinam sess\u00f5es online com uma curta viagem para ensino presencial, abrindo oportunidades de estudo internacional para novos grupos de alunos.<\/div>\n                                            <a href=\"https:\/\/www.iseg.ulisboa.pt\/internacional\/mobilidade-outgoing\/programas-de-mobilidade\/blended-intensive-programmes-bip\/\"  class=\"link-learnmore\">Saber mais<\/a>\n                                    <\/div>\n            <\/div>\n\n        \n            <div class=\"course-features__item\">\n                                    <div class=\"course-features__image\">\n                        <img decoding=\"async\" src=\"https:\/\/www.iseg.ulisboa.pt\/internacional\/wp-content\/uploads\/sites\/10\/2024\/10\/FIL9269.jpg\" loading=\"lazy\" sizes=\"(max-width: 479px) 86vw, (max-width: 767px) 82vw, (max-width: 991px) 41vw, 32vw\" srcset=\"https:\/\/www.iseg.ulisboa.pt\/internacional\/wp-content\/uploads\/sites\/10\/2024\/10\/FIL9269.jpg 500w, https:\/\/www.iseg.ulisboa.pt\/internacional\/wp-content\/uploads\/sites\/10\/2024\/10\/FIL9269.jpg 800w, https:\/\/www.iseg.ulisboa.pt\/internacional\/wp-content\/uploads\/sites\/10\/2024\/10\/FIL9269.jpg 1080w, https:\/\/www.iseg.ulisboa.pt\/internacional\/wp-content\/uploads\/sites\/10\/2024\/10\/FIL9269.jpg 1340w\" alt=\"\" class=\"image-cover\">\n                    <\/div>\n                                <div class=\"course-features__content\">\n                    <div class=\"course-features__topcut\"><\/div>\n                    <h4 class=\"course-features__heading\">\n                                                    <a href=\"https:\/\/www.iseg.ulisboa.pt\/internacional\/mobilidade-outgoing\/programas-de-mobilidade\/winter-school\/\">Summer\/Winter Schools<\/a>\n                                            <\/h4>\n                    <div class=\"course-features__text\">Cursos de curta-dura\u00e7\u00e3o em universidades estrangeiras, que promovem uma experi\u00eancia internacional e a aquisi\u00e7\u00e3o de conhecimentos para al\u00e9m do curr\u00edculo escolar.<\/div>\n                                            <a href=\"https:\/\/www.iseg.ulisboa.pt\/internacional\/mobilidade-outgoing\/programas-de-mobilidade\/winter-school\/\"  class=\"link-learnmore\">Saber mais<\/a>\n                                    <\/div>\n            <\/div>\n\n        \n            <div class=\"course-features__item\">\n                                    <div class=\"course-features__image\">\n                        <img decoding=\"async\" src=\"https:\/\/www.iseg.ulisboa.pt\/internacional\/wp-content\/uploads\/sites\/10\/2023\/02\/pm-mobilidade-staff.jpg\" loading=\"lazy\" sizes=\"(max-width: 479px) 86vw, (max-width: 767px) 82vw, (max-width: 991px) 41vw, 32vw\" srcset=\"https:\/\/www.iseg.ulisboa.pt\/internacional\/wp-content\/uploads\/sites\/10\/2023\/02\/pm-mobilidade-staff.jpg 500w, https:\/\/www.iseg.ulisboa.pt\/internacional\/wp-content\/uploads\/sites\/10\/2023\/02\/pm-mobilidade-staff.jpg 800w, https:\/\/www.iseg.ulisboa.pt\/internacional\/wp-content\/uploads\/sites\/10\/2023\/02\/pm-mobilidade-staff.jpg 1080w, https:\/\/www.iseg.ulisboa.pt\/internacional\/wp-content\/uploads\/sites\/10\/2023\/02\/pm-mobilidade-staff.jpg 1340w\" alt=\"\" class=\"image-cover\">\n                    <\/div>\n                                <div class=\"course-features__content\">\n                    <div class=\"course-features__topcut\"><\/div>\n                    <h4 class=\"course-features__heading\">\n                                                    <a href=\"https:\/\/www.iseg.ulisboa.pt\/internacional\/mobilidade-outgoing\/programas-de-mobilidade\/mobilidade-staff\/\">Mobilidade Staff<\/a>\n                                            <\/h4>\n                    <div class=\"course-features__text\">O Programa Erasmus+ promove miss\u00f5es de mobilidade para forma\u00e7\u00e3o de pessoal t\u00e9cnico e administrativo.<\/div>\n                                            <a href=\"https:\/\/www.iseg.ulisboa.pt\/internacional\/mobilidade-outgoing\/programas-de-mobilidade\/mobilidade-staff\/\"  class=\"link-learnmore\">Saber mais<\/a>\n                                    <\/div>\n            <\/div>\n\n        \n            <div class=\"course-features__item\">\n                                    <div class=\"course-features__image\">\n                        <img decoding=\"async\" src=\"https:\/\/www.iseg.ulisboa.pt\/internacional\/wp-content\/uploads\/sites\/10\/2024\/12\/iStock-1366724877.jpg\" loading=\"lazy\" sizes=\"(max-width: 479px) 86vw, (max-width: 767px) 82vw, (max-width: 991px) 41vw, 32vw\" srcset=\"https:\/\/www.iseg.ulisboa.pt\/internacional\/wp-content\/uploads\/sites\/10\/2024\/12\/iStock-1366724877.jpg 500w, https:\/\/www.iseg.ulisboa.pt\/internacional\/wp-content\/uploads\/sites\/10\/2024\/12\/iStock-1366724877.jpg 800w, https:\/\/www.iseg.ulisboa.pt\/internacional\/wp-content\/uploads\/sites\/10\/2024\/12\/iStock-1366724877.jpg 1080w, https:\/\/www.iseg.ulisboa.pt\/internacional\/wp-content\/uploads\/sites\/10\/2024\/12\/iStock-1366724877.jpg 1340w\" alt=\"\" class=\"image-cover\">\n                    <\/div>\n                                <div class=\"course-features__content\">\n                    <div class=\"course-features__topcut\"><\/div>\n                    <h4 class=\"course-features__heading\">\n                                                    <a href=\"https:\/\/www.iseg.ulisboa.pt\/internacional\/mobilidade-outgoing\/programas-de-mobilidade\/mobilidade-docentes\/\">Mobilidade Docentes<\/a>\n                                            <\/h4>\n                    <div class=\"course-features__text\">Atrav\u00e9s dos programas de mobilidade, os docentes t\u00eam a possibilidade de efetuar um periodo de leciona\u00e7\u00e3o numa universidade dentro ou fora da Uni\u00e3o Europeia, de modo a partilhar m\u00e9todos e levar o ensino do ISEG al\u00e9m-fronteiras.<\/div>\n                                            <a href=\"https:\/\/www.iseg.ulisboa.pt\/internacional\/mobilidade-outgoing\/programas-de-mobilidade\/mobilidade-docentes\/\"  class=\"link-learnmore\">Saber mais<\/a>\n                                    <\/div>\n            <\/div>\n\n                <\/div>\n        <\/div>\n<\/div>","protected":false},"excerpt":{"rendered":"O ISEG oferece aos alunos de licenciatura e mestrado a oportunidade de participar em programas de mobilidade em institui\u00e7\u00f5es parceiras de todo o mundo.","protected":false},"author":2,"featured_media":0,"parent":341,"menu_order":1,"comment_status":"closed","ping_status":"closed","template":"","meta":{"inline_featured_image":false,"_uag_custom_page_level_css":"","footnotes":""},"acf":[],"uagb_featured_image_src":{"full":false,"thumbnail":false,"medium":false,"medium_large":false,"large":false,"1536x1536":false,"2048x2048":false,"trp-custom-language-flag":false},"uagb_author_info":{"display_name":"Major","author_link":"https:\/\/www.iseg.ulisboa.pt\/internacional\/author\/leihla\/"},"uagb_comment_info":0,"uagb_excerpt":"O ISEG oferece aos alunos de licenciatura e mestrado a oportunidade de participar em programas de mobilidade em institui\u00e7\u00f5es parceiras de todo o mundo.","_links":{"self":[{"href":"https:\/\/www.iseg.ulisboa.pt\/internacional\/wp-json\/wp\/v2\/pages\/351"}],"collection":[{"href":"https:\/\/www.iseg.ulisboa.pt\/internacional\/wp-json\/wp\/v2\/pages"}],"about":[{"href":"https:\/\/www.iseg.ulisboa.pt\/internacional\/wp-json\/wp\/v2\/types\/page"}],"author":[{"embeddable":true,"href":"https:\/\/www.iseg.ulisboa.pt\/internacional\/wp-json\/wp\/v2\/users\/2"}],"replies":[{"embeddable":true,"href":"https:\/\/www.iseg.ulisboa.pt\/internacional\/wp-json\/wp\/v2\/comments?post=351"}],"version-history":[{"count":55,"href":"https:\/\/www.iseg.ulisboa.pt\/internacional\/wp-json\/wp\/v2\/pages\/351\/revisions"}],"predecessor-version":[{"id":3417,"href":"https:\/\/www.iseg.ulisboa.pt\/internacional\/wp-json\/wp\/v2\/pages\/351\/revisions\/3417"}],"up":[{"embeddable":true,"href":"https:\/\/www.iseg.ulisboa.pt\/internacional\/wp-json\/wp\/v2\/pages\/341"}],"wp:attachment":[{"href":"https:\/\/www.iseg.ulisboa.pt\/internacional\/wp-json\/wp\/v2\/media?parent=351"}],"curies":[{"name":"wp","href":"https:\/\/api.w.org\/{rel}","templated":true}]}}