{"id":473,"date":"2023-02-16T18:17:01","date_gmt":"2023-02-16T18:17:01","guid":{"rendered":"https:\/\/www.iseg.ulisboa.pt\/internacional\/?page_id=473"},"modified":"2026-01-26T17:11:05","modified_gmt":"2026-01-26T17:11:05","slug":"blended-intensive-programmes-bip","status":"publish","type":"page","link":"https:\/\/www.iseg.ulisboa.pt\/internacional\/mobilidade-outgoing\/programas-de-mobilidade\/blended-intensive-programmes-bip\/","title":{"rendered":"Blended Intensive Programmes (BIP)"},"content":{"rendered":"\n<p class=\"has-large-font-size\">Programas intensivos combinados (BIPs) s\u00e3o programas curtos e intensivos que usam formas inovadoras de aprendizagem, ensino e treino para alunos e funcion\u00e1rios, incluindo o uso de coopera\u00e7\u00e3o online.<\/p>\n\n\n\n<p>Durante os programas intensivos mistos, grupos de estudantes ou funcion\u00e1rios realizar\u00e3o uma mobilidade f\u00edsica de curto prazo no exterior, combinada com um componente virtual obrigat\u00f3rio, facilitando o interc\u00e2mbio colaborativo de aprendizado online e o trabalho em equipe. A dura\u00e7\u00e3o da componente f\u00edsica situa-se entre os 5 e os 30 dias, mas n\u00e3o existe limita\u00e7\u00e3o quanto \u00e0 dura\u00e7\u00e3o da componente virtual. <\/p>\n\n\n\n<hr class=\"wp-block-separator has-alpha-channel-opacity\" \/>\n\n\n\n<h4 class=\"wp-block-heading has-iseg-red-color has-text-color\">Oportunidades BIPs Dispon\u00edveis<\/h4>\n\n\n\n<p><\/p>\n\n\n\n<div class=\"wp-block-pb-accordion-item c-accordion__item js-accordion-item no-js\" data-initially-open=\"false\" data-click-to-close=\"true\" data-auto-close=\"true\" data-scroll=\"false\" data-scroll-offset=\"0\"><h2 id=\"at-4730\" class=\"c-accordion__title js-accordion-controller\" role=\"button\">\u201cLeadership: Understanding Group Dynamics\u201d (BIP) &#8211; Goethe University Frankfurt<\/h2><div id=\"ac-4730\" class=\"c-accordion__content\">\n<p>ERASMUS Blended Intensive Program (BIP) hosted by Goethe University Frankfurt for Master students.<\/p>\n\n\n\n<p>Blended Intensive Program (BIP)<br>\u201cLeadership: Understanding Group Dynamics\u201d<br>\u2022 Goethe University Frankfurt<br>\u2022 13-17 April 2026<br>\u2022 6 ECTS (optional: +1 ECTS through participation in the research project)<br>The program is an ERASMUS-funded intensive format combining an on-site phase in Frankfurt with two virtual components before and after the stay. It focuses on experiential learning in leadership and group dynamics and is conducted in English. Interested students can apply for funding via ISEG&#8217;s International Mobility Office.<br>Please find detailed information in the <a href=\"https:\/\/www.iseg.ulisboa.pt\/internacional\/wp-content\/uploads\/sites\/10\/2026\/01\/Module-Description_Leadership-Understanding-Group-Dynamics_Wolf.pdf\"><strong>module description<\/strong><\/a> and <strong><a href=\"https:\/\/www.iseg.ulisboa.pt\/internacional\/wp-content\/uploads\/sites\/10\/2026\/01\/Flyer_BIP-Frankfurt_Leadership_Group-Dynamics_Summer-2026.pdf\">flyer<\/a>,<\/strong> including the program structure, schedule, and registration procedure.<\/p>\n\n\n\n<p><strong>Notice:<\/strong> <strong>The successful completion of the course will not grant automatic recognition of credits for a degree at ISEG. The cost of the on-campus participation option is entirely the student responsability.<\/strong><\/p>\n\n\n\n<p>If you have any questions, please feel free to contact: <a href=\"mailto:an.wolf@em.uni-frankfurt.de\" target=\"_blank\" rel=\"noreferrer noopener\">an.wolf@em.uni-frankfurt.de<\/a><\/p>\n\n\n\n<p>Don\u2019t miss out this great opportunity!<\/p>\n<\/div><\/div>\n\n\n\n<div class=\"wp-block-pb-accordion-item c-accordion__item js-accordion-item no-js\" data-initially-open=\"false\" data-click-to-close=\"true\" data-auto-close=\"true\" data-scroll=\"false\" data-scroll-offset=\"0\"><h2 id=\"at-4731\" class=\"c-accordion__title js-accordion-controller\" role=\"button\">Leadership Development Blended Intensive Program (BIP) Faculty of Business and Economics | University of Antwerp<\/h2><div id=\"ac-4731\" class=\"c-accordion__content\">\n<p><\/p>\n\n\n\n<p>Applications for the <a href=\"https:\/\/www.uantwerpen.be\/en\/about-uantwerp\/faculties\/faculty-of-business-and-economics\/students\/internationalisation\/blended-intensive-programme\/\" data-type=\"link\" data-id=\"https:\/\/www.uantwerpen.be\/en\/about-uantwerp\/faculties\/faculty-of-business-and-economics\/students\/internationalisation\/blended-intensive-programme\/\">2026 Leadership Development Blended Intensive Program<\/a>, offered by the Faculty of Business and Economics | University of Antwerp (FBE|UAntwerp) are open!<\/p>\n\n\n\n<p>As an undergraduate student, attending the&nbsp;2nd year of studies, you\u2019re eligible to apply. <strong>There&#8217;re 5 spots available!<\/strong><\/p>\n\n\n\n<p>Blended Intensive Programmes (BIPs) are short and intensive training programmes that combine a physical mobility with a virtual part, promoting and using innovative ways of learning.&nbsp;<\/p>\n\n\n\n<p>Come on board and apply for this Leadership Development BIP&nbsp;<a href=\"https:\/\/forms.gle\/icjvgrMZSoB4LJ5Y9\" data-type=\"link\" data-id=\"https:\/\/forms.gle\/icjvgrMZSoB4LJ5Y9\">here<\/a>!<\/p>\n\n\n\n<p>You may find more detailed information&nbsp;<a href=\"https:\/\/www.iseg.ulisboa.pt\/internacional\/wp-content\/uploads\/sites\/10\/2025\/12\/2026_-BIP-Leadership-Development-UAntwerp.pdf\" data-type=\"link\" data-id=\"https:\/\/www.iseg.ulisboa.pt\/internacional\/wp-content\/uploads\/sites\/10\/2025\/12\/2026_-BIP-Leadership-Development-UAntwerp.pdf\">here<\/a>.<\/p>\n\n\n\n<p>The deadline for the application at ISEG will end on <strong>January, 31st 2026<\/strong>.<\/p>\n\n\n\n<p><a href=\"https:\/\/youtu.be\/w7o3BoxPZvo\" data-type=\"link\" data-id=\"https:\/\/youtu.be\/w7o3BoxPZvo\">BIP Leadership Development \u2013 Promotional video<\/a><br><a href=\"https:\/\/eur02.safelinks.protection.outlook.com\/?url=https%3A%2F%2Fwww.youtube.com%2Fwatch%3Fv%3DjOJAmlAe6xw&amp;data=05%7C02%7Cimo%40iseg.ulisboa.pt%7Cf14a18bf6c934480bc4f08de3d99d8c1%7C9c184083de204859968c96f26db0bfe1%7C0%7C0%7C639015928436717979%7CUnknown%7CTWFpbGZsb3d8eyJFbXB0eU1hcGkiOnRydWUsIlYiOiIwLjAuMDAwMCIsIlAiOiJXaW4zMiIsIkFOIjoiTWFpbCIsIldUIjoyfQ%3D%3D%7C0%7C%7C%7C&amp;sdata=7Ehqnyo3eCCustl7KDh2g8ZNfOrsXR3dygZDNvtJn%2F8%3D&amp;reserved=0\" data-type=\"link\" data-id=\"https:\/\/eur02.safelinks.protection.outlook.com\/?url=https%3A%2F%2Fwww.youtube.com%2Fwatch%3Fv%3DjOJAmlAe6xw&amp;data=05%7C02%7Cimo%40iseg.ulisboa.pt%7Cf14a18bf6c934480bc4f08de3d99d8c1%7C9c184083de204859968c96f26db0bfe1%7C0%7C0%7C639015928436717979%7CUnknown%7CTWFpbGZsb3d8eyJFbXB0eU1hcGkiOnRydWUsIlYiOiIwLjAuMDAwMCIsIlAiOiJXaW4zMiIsIkFOIjoiTWFpbCIsIldUIjoyfQ%3D%3D%7C0%7C%7C%7C&amp;sdata=7Ehqnyo3eCCustl7KDh2g8ZNfOrsXR3dygZDNvtJn%2F8%3D&amp;reserved=0\">BIP Leadership Testimony \u2013 Participant testimonies<\/a><\/p>\n\n\n\n<p>Don\u2019t miss out on this great opportunity! <\/p>\n<\/div><\/div>\n\n\n\n<hr class=\"wp-block-separator has-alpha-channel-opacity\" \/>\n\n\n\n<h2 class=\"wp-block-heading\"><mark style=\"background-color:#ffffff\" class=\"has-inline-color has-iseg-red-color\">Testemunhos<\/mark><\/h2>\n\n\n<div class=\"block-course-testimonials\">\n    <div class=\"container\">\n        <div data-delay=\"4000\" data-animation=\"slide\" class=\"course-testimonials__slider w-slider\" data-autoplay=\"false\" data-easing=\"ease\" data-hide-arrows=\"false\" data-disable-swipe=\"false\" data-autoplay-limit=\"0\" data-nav-spacing=\"3\" data-duration=\"500\" data-infinite=\"true\">\n            <div class=\"course-testimonials__mask w-slider-mask\">\n                                <div class=\"course-testimonials__slide w-slide\">\n                    <div class=\"course-testimonials__slide-content\"><img decoding=\"async\" src=\"https:\/\/www.iseg.ulisboa.pt\/internacional\/wp-content\/themes\/iseg\/assets\/images\/icon-quote.svg\" loading=\"lazy\" alt=\"\" class=\"course-testimonials__quote-icon\">\n                        <div><strong>Quando me inscrevi no programa tinha uma ideia completamente diferente do que seriam as atividades ou a experi\u00eancia em si, acabou por ser uma experi\u00eancia que me surpreendeu pela positiva em muitas \u00e1reas. <\/strong> Fui visitar Bruxelas um dia antes de ir para Antu\u00e9rpia. Penso agora que tive uma pequena ideia do que \u00e9 erasmus, do que \u00e9 estar em aula, com professores e colegas novos mas ao mesmo tempo conhecer o pa\u00eds e a cultura. Tenho uma amiga que vai se erasmus para o pa\u00eds onde estivemos e estava com algum receio em ir. Ap\u00f3s a semana, percebi que n\u00e3o tinha nada a temer porque tinha tido realmente uma boa experi\u00eancia. O programa ajuda quem n\u00e3o tem possibilidade de ir de Erasmus mas tamb\u00e9m quem quer ir e est\u00e1 com receio. Dada a minha experi\u00eancia, mal posso esperar para repetir e espero que surjam mais oportunidades para mim e para os meus colegas durante o nosso percurso acad\u00e9mico. \r\n     Al\u00e9m de ter feito amigos de outros lados do mundo penso que fortaleci algumas liga\u00e7\u00f5es com amigos. Partilhamos uma semana que ficar\u00e1 para sempre. \r\n     O &#8220;I&#8221; em intensivo tem alguma raz\u00e3o de estar l\u00e1, exigiu algum esfor\u00e7o e penso que foi um sentimento m\u00fatuo, n\u00e3o s\u00f3 para os alunos do ISEG. Como a maioria dos alunos estavam em exames quando foram pedidos os assignments, foi f\u00e1cil de perder o rumo e depois os trabalhos preenchiam as tardes da nossa semana. No final estava cansada mas cheia, no sentido que tinh sido uma semana realmente muito produtiva e divertida ao mesmo tempo. \r\n<\/div>\n                        <div class=\"course-testimonials__author\">\n                            <div>Ana Margarida Almeida<\/div>                        <\/div>\n                    <\/div>\n                <\/div>\n                                <div class=\"course-testimonials__slide w-slide\">\n                    <div class=\"course-testimonials__slide-content\"><img decoding=\"async\" src=\"https:\/\/www.iseg.ulisboa.pt\/internacional\/wp-content\/themes\/iseg\/assets\/images\/icon-quote.svg\" loading=\"lazy\" alt=\"\" class=\"course-testimonials__quote-icon\">\n                        <div><strong>My experience in this short-term mobility programme can certainly be described as remarkable and enriching.<\/strong> I had the chance to integrate such an amazing class of motivated and brilliant people. Each one intriguing in their own way, being an utter pleasure to have met and befriended them.\r\n\r\nMoreover, my participation throughout the programme was definitely a challenging one, both in the virtual and physical part, juggling between BIP&#8217;s assignments, academic life and personal life. This has then enabled me to develop aspects such as time management, overall organisation, teamwork and even communication, recalling how after classes my team and I would join to work on our report or when I asked my hostel roommates for their insights regarding a certain topic! \r\n\r\nThe Blended Intensive Programme on Leadership Development has since then widened my scope regarding &#8220;soft&#8221; skills &#8211; especially Leadership &#8211; and its impact on social interactions and people&#8217;s self-improvement. The existing sheer amount of theory and academic research was unbeknownst to me and showcased how complex and unknown this topic still is. \r\n\r\nBy looking back, I can only say that it was truly an experience that has shaped me as person and a collection of moments and memories that I will undoubtedly cherish forever. \r\n<\/div>\n                        <div class=\"course-testimonials__author\">\n                            <div>Diogo Ji<\/div>                        <\/div>\n                    <\/div>\n                <\/div>\n                            <\/div>\n             \n            <div class=\"slider-nav__left course-testimonials__nav-left w-slider-arrow-left\"><\/div>\n            <div class=\"slider-nav__right course-testimonials__nav-right w-slider-arrow-right\"><\/div>\n                    <\/div>\n    <\/div>\n<\/div>\n","protected":false},"excerpt":{"rendered":"My experience in this short-term mobility programme can certainly be described as remarkable and enriching. I had the chance to integrate such an amazing class of motivated and brilliant people. Each one intriguing in their own way, being an utter pleasure to have met and befriended them.  Moreover, my participation throughout the programme was definitely a challenging one, both in the virtual and physical part, juggling between BIP&#8217;s assignments, academic life and personal life. This has then enabled me to develop aspects such as time management, overall organisation, teamwork and even communication, recalling how after classes my team and I would join to work on our report or when I asked my hostel roommates for their insights regarding a certain topic!   The Blended Intensive Programme on Leadership Development has since then widened my scope regarding &#8220;soft&#8221; skills &#8211; especially Leadership &#8211; and its impact on social interactions and people&#8217;s self-improvement. The existing sheer amount of theory and academic research was unbeknownst to me and showcased how complex and unknown this topic still is.   By looking back, I can only say that it was truly an experience that has shaped me as person and a collection of moments and memories that I will undoubtedly cherish forever. ","protected":false},"author":2,"featured_media":457,"parent":351,"menu_order":5,"comment_status":"closed","ping_status":"closed","template":"","meta":{"inline_featured_image":false,"_uag_custom_page_level_css":"","footnotes":""},"acf":[],"uagb_featured_image_src":{"full":["https:\/\/www.iseg.ulisboa.pt\/internacional\/wp-content\/uploads\/sites\/10\/2023\/02\/pm-bpi.jpg",1600,800,false],"thumbnail":["https:\/\/www.iseg.ulisboa.pt\/internacional\/wp-content\/uploads\/sites\/10\/2023\/02\/pm-bpi-150x150.jpg",150,150,true],"medium":["https:\/\/www.iseg.ulisboa.pt\/internacional\/wp-content\/uploads\/sites\/10\/2023\/02\/pm-bpi-300x150.jpg",300,150,true],"medium_large":["https:\/\/www.iseg.ulisboa.pt\/internacional\/wp-content\/uploads\/sites\/10\/2023\/02\/pm-bpi.jpg",768,384,false],"large":["https:\/\/www.iseg.ulisboa.pt\/internacional\/wp-content\/uploads\/sites\/10\/2023\/02\/pm-bpi.jpg",1024,512,false],"1536x1536":["https:\/\/www.iseg.ulisboa.pt\/internacional\/wp-content\/uploads\/sites\/10\/2023\/02\/pm-bpi-1536x768.jpg",1536,768,true],"2048x2048":["https:\/\/www.iseg.ulisboa.pt\/internacional\/wp-content\/uploads\/sites\/10\/2023\/02\/pm-bpi.jpg",1600,800,false],"trp-custom-language-flag":["https:\/\/www.iseg.ulisboa.pt\/internacional\/wp-content\/uploads\/sites\/10\/2023\/02\/pm-bpi.jpg",18,9,false]},"uagb_author_info":{"display_name":"Major","author_link":"https:\/\/www.iseg.ulisboa.pt\/internacional\/author\/leihla\/"},"uagb_comment_info":0,"uagb_excerpt":"My experience in this short-term mobility programme can certainly be described as remarkable and enriching. I had the chance to integrate such an amazing class of motivated and brilliant people. Each one intriguing in their own way, being an utter pleasure to have met and befriended them. Moreover, my participation throughout the programme was definitely&hellip;","_links":{"self":[{"href":"https:\/\/www.iseg.ulisboa.pt\/internacional\/wp-json\/wp\/v2\/pages\/473"}],"collection":[{"href":"https:\/\/www.iseg.ulisboa.pt\/internacional\/wp-json\/wp\/v2\/pages"}],"about":[{"href":"https:\/\/www.iseg.ulisboa.pt\/internacional\/wp-json\/wp\/v2\/types\/page"}],"author":[{"embeddable":true,"href":"https:\/\/www.iseg.ulisboa.pt\/internacional\/wp-json\/wp\/v2\/users\/2"}],"replies":[{"embeddable":true,"href":"https:\/\/www.iseg.ulisboa.pt\/internacional\/wp-json\/wp\/v2\/comments?post=473"}],"version-history":[{"count":53,"href":"https:\/\/www.iseg.ulisboa.pt\/internacional\/wp-json\/wp\/v2\/pages\/473\/revisions"}],"predecessor-version":[{"id":3748,"href":"https:\/\/www.iseg.ulisboa.pt\/internacional\/wp-json\/wp\/v2\/pages\/473\/revisions\/3748"}],"up":[{"embeddable":true,"href":"https:\/\/www.iseg.ulisboa.pt\/internacional\/wp-json\/wp\/v2\/pages\/351"}],"wp:featuredmedia":[{"embeddable":true,"href":"https:\/\/www.iseg.ulisboa.pt\/internacional\/wp-json\/wp\/v2\/media\/457"}],"wp:attachment":[{"href":"https:\/\/www.iseg.ulisboa.pt\/internacional\/wp-json\/wp\/v2\/media?parent=473"}],"curies":[{"name":"wp","href":"https:\/\/api.w.org\/{rel}","templated":true}]}}