{"id":85,"date":"2023-01-26T15:06:00","date_gmt":"2023-01-26T15:06:00","guid":{"rendered":"https:\/\/www.iseg.ulisboa.pt\/secretaria\/?page_id=85"},"modified":"2024-04-17T12:37:20","modified_gmt":"2024-04-17T12:37:20","slug":"special-schemes","status":"publish","type":"page","link":"https:\/\/www.iseg.ulisboa.pt\/secretaria\/en\/applications\/crediting\/special-schemes\/","title":{"rendered":"Special Regimes"},"content":{"rendered":"<p class=\"has-large-font-size\">The following are higher education application regimes for students with specific qualifications and conditions <\/p>\n\n\n\n<div class=\"wp-block-pb-accordion-item c-accordion__item js-accordion-item no-js\" data-initially-open=\"false\" data-click-to-close=\"true\" data-auto-close=\"true\" data-scroll=\"false\" data-scroll-offset=\"0\"><h4 id=\"at-850\" class=\"c-accordion__title js-accordion-controller\" role=\"button\">Places<\/h4><div id=\"ac-850\" class=\"c-accordion__content\">\n<p>The number of vacancies for admission of students under the special regimes for access and admission to higher education is defined by order of the member of the Government responsible for the area of higher education, up to a limit of 5% of the maximum number of admissions for each study cycle.<\/p>\n<\/div><\/div>\n\n\n\n<div class=\"wp-block-pb-accordion-item c-accordion__item js-accordion-item no-js\" data-initially-open=\"false\" data-click-to-close=\"true\" data-auto-close=\"true\" data-scroll=\"false\" data-scroll-offset=\"0\"><h4 id=\"at-851\" class=\"c-accordion__title js-accordion-controller\" role=\"button\">Who can apply?<\/h4><div id=\"ac-851\" class=\"c-accordion__content\">\n<p>Students can apply for the special regimes:<\/p>\n\n\n\n<p>a) Portuguese officials of a Portuguese diplomatic mission abroad and their accompanying family members;<\/p>\n\n\n\n<p>b) Portuguese scholarship holders abroad, Portuguese civil servants on official missions abroad and Portuguese officials from European Union (EU) institutions and their accompanying family members;<\/p>\n\n\n\n<p>c) Military personnel of the Armed Forces in permanent service and under a special contract for the provision of military service;<\/p>\n\n\n\n<p>d) National scholarship holders from Portuguese-speaking African countries;<\/p>\n\n\n\n<p>e) Foreign officials from diplomatic missions accredited to Portugal and their family members residing here, on a reciprocal basis;<\/p>\n\n\n\n<p>f) High-performance sports practitioners;<\/p>\n\n\n\n<p>g) Nationals of East Timor.<\/p>\n<\/div><\/div>\n\n\n\n<div class=\"wp-block-pb-accordion-item c-accordion__item js-accordion-item no-js\" data-initially-open=\"false\" data-click-to-close=\"true\" data-auto-close=\"true\" data-scroll=\"false\" data-scroll-offset=\"0\"><h4 id=\"at-852\" class=\"c-accordion__title js-accordion-controller\" role=\"button\">Where do you apply?<\/h4><div id=\"ac-852\" class=\"c-accordion__content\">\n<p>Applicants for Regimes <strong>A<\/strong>, <strong>B<\/strong>, <strong>C<\/strong>, <strong>E<\/strong> and <strong>F<\/strong> must submit their application on the online platform for special regimes by the deadline set in the calendar.<\/p>\n\n\n\n<p>Applications for special regimes <strong>D<\/strong> and <strong>G<\/strong> must be submitted to the embassy of the respective country in Portugal.<\/p>\n<\/div><\/div>\n\n\n\n<div class=\"wp-block-pb-accordion-item c-accordion__item js-accordion-item no-js\" data-initially-open=\"false\" data-click-to-close=\"true\" data-auto-close=\"true\" data-scroll=\"false\" data-scroll-offset=\"0\"><h4 id=\"at-853\" class=\"c-accordion__title js-accordion-controller\" role=\"button\">Restrictions<\/h4><div id=\"ac-853\" class=\"c-accordion__content\">\n<p>1 - In one academic year, each candidate may only apply through one of the special schemes provided for in this decree-law.<\/p>\n\n\n\n<p>2 - Holders of a Portuguese or foreign academic degree may not apply through the special schemes provided for in this decree-law.<\/p>\n<\/div><\/div>\n\n\n\n<div class=\"wp-block-pb-accordion-item c-accordion__item js-accordion-item no-js\" data-initially-open=\"false\" data-click-to-close=\"true\" data-auto-close=\"true\" data-scroll=\"false\" data-scroll-offset=\"0\"><h4 id=\"at-854\" class=\"c-accordion__title js-accordion-controller\" role=\"button\">Legislation<\/h4><div id=\"ac-854\" class=\"c-accordion__content\">\n<ul>\n<li><a href=\"https:\/\/www.dges.gov.pt\/pt\/pagina\/informacao-geral-regimesespeciais\">Special Regimes DGES<\/a><\/li>\n\n\n\n<li><a rel=\"noreferrer noopener\" href=\"https:\/\/www.iseg.ulisboa.pt\/secretaria\/wp-content\/uploads\/sites\/8\/2023\/07\/Decreto-Lei-n.-272_2009.pdf\" target=\"_blank\">Decree-Law no. 272_2009<\/a><\/li>\n\n\n\n<li><a href=\"https:\/\/files.diariodarepublica.pt\/1s\/2023\/07\/14702\/0000200039.pdf\">Decree-Law no. 64-A\/2023 of July 31st<\/a><\/li>\n\n\n\n<li><a href=\"https:\/\/files.diariodarepublica.pt\/1s\/2023\/08\/14801\/0000200008.pdf\" target=\"_blank\" rel=\"noreferrer noopener\">Order no. 248-A\/2023 of August 1st<\/a><\/li>\n\n\n\n<li><a href=\"https:\/\/files.diariodarepublica.pt\/2s\/2023\/08\/148000001\/0000200003.pdf\">Order no. 7891-A\/2023<\/a><\/li>\n<\/ul>\n<\/div><\/div>","protected":false},"excerpt":{"rendered":"The following are higher education application regimes for students with specific qualifications and conditions","protected":false},"author":2,"featured_media":0,"parent":50,"menu_order":8,"comment_status":"closed","ping_status":"closed","template":"","meta":{"_uag_custom_page_level_css":"","footnotes":""},"acf":[],"uagb_featured_image_src":{"full":false,"thumbnail":false,"medium":false,"medium_large":false,"large":false,"1536x1536":false,"2048x2048":false,"trp-custom-language-flag":false},"uagb_author_info":{"display_name":"Major","author_link":"https:\/\/www.iseg.ulisboa.pt\/secretaria\/en\/author\/leihla\/"},"uagb_comment_info":0,"uagb_excerpt":"S\u00e3o regimes de candidatura ao ensino superior que se destinam a estudantes com habilita\u00e7\u00f5es e condi\u00e7\u00f5es espec\u00edficas.","_links":{"self":[{"href":"https:\/\/www.iseg.ulisboa.pt\/secretaria\/en\/wp-json\/wp\/v2\/pages\/85"}],"collection":[{"href":"https:\/\/www.iseg.ulisboa.pt\/secretaria\/en\/wp-json\/wp\/v2\/pages"}],"about":[{"href":"https:\/\/www.iseg.ulisboa.pt\/secretaria\/en\/wp-json\/wp\/v2\/types\/page"}],"author":[{"embeddable":true,"href":"https:\/\/www.iseg.ulisboa.pt\/secretaria\/en\/wp-json\/wp\/v2\/users\/2"}],"replies":[{"embeddable":true,"href":"https:\/\/www.iseg.ulisboa.pt\/secretaria\/en\/wp-json\/wp\/v2\/comments?post=85"}],"version-history":[{"count":22,"href":"https:\/\/www.iseg.ulisboa.pt\/secretaria\/en\/wp-json\/wp\/v2\/pages\/85\/revisions"}],"predecessor-version":[{"id":3539,"href":"https:\/\/www.iseg.ulisboa.pt\/secretaria\/en\/wp-json\/wp\/v2\/pages\/85\/revisions\/3539"}],"up":[{"embeddable":true,"href":"https:\/\/www.iseg.ulisboa.pt\/secretaria\/en\/wp-json\/wp\/v2\/pages\/50"}],"wp:attachment":[{"href":"https:\/\/www.iseg.ulisboa.pt\/secretaria\/en\/wp-json\/wp\/v2\/media?parent=85"}],"curies":[{"name":"wp","href":"https:\/\/api.w.org\/{rel}","templated":true}]}}

São regimes de candidatura ao ensino superior que se destinam a estudantes com habilitações e condições específicas.
