{"id":1211,"date":"2023-07-14T22:46:19","date_gmt":"2023-07-14T22:46:19","guid":{"rendered":"https:\/\/www.iseg.ulisboa.pt\/secretaria\/?page_id=1211"},"modified":"2026-01-13T09:43:54","modified_gmt":"2026-01-13T09:43:54","slug":"propinas","status":"publish","type":"page","link":"https:\/\/www.iseg.ulisboa.pt\/secretaria\/informacoes-academicas\/mestrados\/propinas\/","title":{"rendered":"Propinas"},"content":{"rendered":"\n<p>A propina \u00e9 a taxa de frequ\u00eancia a que o estudante est\u00e1 obrigado pela realiza\u00e7\u00e3o de uma inscri\u00e7\u00e3o. A propina reporta sempre a um ano letivo.<\/p>\n\n\n\n<p>A propina est\u00e1 indexada \u00e0 matr\u00edcula\/inscri\u00e7\u00e3o, e n\u00e3o \u00e0 frequ\u00eancia do curso. Isto significa que um estudante regularmente inscrito, seja em unidades curriculares isoladas, num curso n\u00e3o conferente de grau, ou numa licenciatura, mestrado ou doutoramento, que deixe de frequentar as aulas n\u00e3o deixa de estar obrigado ao pagamento da respetiva propina.<\/p>\n\n\n\n<p>Caso os alunos formalizem um pedido de anula\u00e7\u00e3o, que deve ser realizado obrigatoriamente atrav\u00e9s da plataforma Fenix, apenas ficam&nbsp; obrigados ao &nbsp;pagamento das presta\u00e7\u00f5es j\u00e1 vencidas \u00e0&nbsp;data&nbsp;do&nbsp;deferimento&nbsp;da&nbsp;anula\u00e7\u00e3o.<\/p>\n\n\n\n<p>O estudante que entre em incumprimento torna-se n\u00e3o s\u00f3 devedor da propina, como dos respetivos juros de mora \u00e0 taxa legal e atos administrativos (pagamento fora de prazo).<\/p>\n\n\n\n<div class=\"wp-block-pb-accordion-item c-accordion__item js-accordion-item no-js\" data-initially-open=\"false\" data-click-to-close=\"true\" data-auto-close=\"true\" data-scroll=\"false\" data-scroll-offset=\"0\"><h3 id=\"at-12111\" class=\"c-accordion__title js-accordion-controller\" role=\"button\">Tabela de Propinas Mestrados 2025-2026<\/h3><div id=\"ac-12111\" class=\"c-accordion__content\">\n<p>\u00bb <a href=\"https:\/\/www.iseg.ulisboa.pt\/secretaria\/informacoes-academicas\/mestrados\/propinas\/uniao-europeia-25-26\/\">Alunos Dentro da Uni\u00e3o Europeia<\/a><\/p>\n\n\n\n<p>\u00bb<a href=\"https:\/\/www.iseg.ulisboa.pt\/secretaria\/informacoes-academicas\/mestrados\/propinas\/alunos-fora-da-uniao-europeia-internacional-2025-2026-2\/\" data-type=\"page\" data-id=\"4827\"> <\/a><a href=\"https:\/\/www.iseg.ulisboa.pt\/secretaria\/informacoes-academicas\/mestrados\/propinas\/alunos-fora-da-uniao-europeia-internacional-2025-2026-2\/\">Alunos Fora da Uni\u00e3o Europeia (Internacional)<\/a><\/p>\n<\/div><\/div>\n\n\n\n<div class=\"wp-block-pb-accordion-item c-accordion__item js-accordion-item no-js\"><h3 id=\"at-12117\" class=\"c-accordion__title js-accordion-controller\" role=\"button\">Tabela de Propinas Mestrados 2026-2027<\/h3><div id=\"ac-12117\" class=\"c-accordion__content\">\n<p>\u00bb <a href=\"https:\/\/www.iseg.ulisboa.pt\/secretaria\/alunos-dentro-da-uniao-europeia-2026-2027\/\">Alunos Dentro da Uni\u00e3o Europeia<\/a><\/p>\n\n\n\n<p>\u00bb<a href=\"https:\/\/www.iseg.ulisboa.pt\/secretaria\/alunos-fora-da-uniao-europeia-internacional-2026-2027-2\/\"> Alunos Fora da Uni\u00e3o Europeia (Internacional)<\/a><\/p>\n<\/div><\/div>\n\n\n\n<div class=\"wp-block-pb-accordion-item c-accordion__item js-accordion-item no-js\" data-initially-open=\"false\" data-click-to-close=\"true\" data-auto-close=\"true\" data-scroll=\"false\" data-scroll-offset=\"0\"><h3 id=\"at-12112\" class=\"c-accordion__title js-accordion-controller\" role=\"button\">Dados para Fatura\u00e7\u00e3o<\/h3><div id=\"ac-12112\" class=\"c-accordion__content\">\n<p><strong>Para recibos emitidos em nome de outras entidades (sem ser aluno)<\/strong>:<\/p>\n\n\n\n<p>No caso de pretender que o recibo seja emitido em nome de outra entidade (Empresa, familiares, etc.), dever\u00e1 antes da data fixada para o pagamento, indicar-nos via email (<a href=\"mailto:spg@iseg.ulisboa.pt\">smd@iseg.ulisboa.pt<\/a>), os seguintes dados para emiss\u00e3o de fatura:<\/p>\n\n\n\n<ul>\n<li>N\u00ba de Identifica\u00e7\u00e3o Fiscal (NIF);<\/li>\n\n\n\n<li>Nome da Entidade (Completo);<\/li>\n\n\n\n<li>Pa\u00eds do Contribuinte;<\/li>\n\n\n\n<li>Morada (completa);<\/li>\n\n\n\n<li>C\u00f3digo Postal;<\/li>\n\n\n\n<li>Localidade do C\u00f3digo Postal;<\/li>\n\n\n\n<li>Freguesia;<\/li>\n\n\n\n<li>Concelho;<\/li>\n\n\n\n<li>Distrito.<\/li>\n<\/ul>\n\n\n\n<p>O pagamento s\u00f3 poder\u00e1 ser efetuado, ap\u00f3s a confirma\u00e7\u00e3o pelos nossos servi\u00e7os.<\/p>\n\n\n\n<hr class=\"wp-block-separator has-alpha-channel-opacity is-style-dots\" \/>\n\n\n\n<p><strong>Nota:<\/strong><\/p>\n\n\n\n<p>As faturas e recibos de propinas s\u00e3o, regra geral, emitidos com os dados disponibilizados pelo aluno no portal Fenix.<\/p>\n\n\n\n<p>Caso o aluno pretenda que as faturas e respetivos recibos sejam emitidos em nome de outra entidade deve seguir o procedimento acima descrito.<\/p>\n\n\n\n<p><strong>Ap\u00f3s a emiss\u00e3o da fatura e do recibo, n\u00e3o \u00e9 poss\u00edvel qualquer altera\u00e7\u00e3o aos mesmos<\/strong>.<\/p>\n<\/div><\/div>\n\n\n\n<div class=\"wp-block-pb-accordion-item c-accordion__item js-accordion-item no-js\" data-initially-open=\"false\" data-click-to-close=\"true\" data-auto-close=\"true\" data-scroll=\"false\" data-scroll-offset=\"0\"><h3 id=\"at-12113\" class=\"c-accordion__title js-accordion-controller\" role=\"button\">Portal Fenix<\/h3><div id=\"ac-12113\" class=\"c-accordion__content\">\n<ul>\n<li>Para sua comodidade, pode consultar online&nbsp;o seu plano de pagamento de propinas.<\/li>\n\n\n\n<li>Para o efeito dever\u00e1 aceder ao&nbsp;Portal Fenix, no separador &#8220;Aluno&#8221; selecionar no menu lateral esquerdo &#8220;Consultar&#8221; a op\u00e7\u00e3o &#8220;Visualizar Conta&#8221;.<\/li>\n<\/ul>\n<\/div><\/div>\n\n\n\n<div class=\"wp-block-pb-accordion-item c-accordion__item js-accordion-item no-js\" data-initially-open=\"false\" data-click-to-close=\"true\" data-auto-close=\"true\" data-scroll=\"false\" data-scroll-offset=\"0\"><h3 id=\"at-12114\" class=\"c-accordion__title js-accordion-controller\" role=\"button\">Plano Espec\u00edfico de Pagamento<\/h3><div id=\"ac-12114\" class=\"c-accordion__content\">\n<p>Poder\u00e1 ser estabelecido, mediante&nbsp;requerimento fundamentado do aluno, um plano espec\u00edfico de pagamento do valor da propina, nas seguintes condi\u00e7\u00f5es:<\/p>\n\n\n\n<ul>\n<li>O aluno dever\u00e1 apresentar o seu pedido espec\u00edfico de pagamento, ap\u00f3s o inicio do ano letivo e antes do final do prazo de pagamento de cada presta\u00e7\u00e3o, atrav\u00e9s do Fenix, via requerimento em separador &#8220;Pessoal&#8221; &gt;&gt; Servi\u00e7os &gt;&gt; Requerimentos &#8211; clicar em &#8220;+Criar&#8221; e no Tipo de Requerimento escolher &#8220;Plano de Pagamento&#8221;;<\/li>\n\n\n\n<li>O plano espec\u00edfico de pagamento aprovado n\u00e3o poder\u00e1 exceder o final do ano letivo;<\/li>\n\n\n\n<li>Alunos que se encontram com um plano de pagamento de propinas e que comuniquem a sua inten\u00e7\u00e3o de anular a matr\u00edcula\/inscri\u00e7\u00e3o, \u00e9-lhes anulado o referido plano de pagamento de propinas, ficando assim obrigados ao pagamento das presta\u00e7\u00f5es das propinas j\u00e1 vencidas \u00e0 data do pedido da anula\u00e7\u00e3o da matricula\/inscri\u00e7\u00e3o e, consequentemente, ao acr\u00e9scimo emolumentar devido e aos juros morat\u00f3rios \u00e0 taxa legal. Esta informa\u00e7\u00e3o n\u00e3o dispensa a leitura do regulamento de propinas.<\/li>\n\n\n\n<li>N\u00e3o ser\u00e3o autorizados planos espec\u00edficos de pagamento a alunos que incumpriram planos anteriores.<\/li>\n<\/ul>\n<\/div><\/div>\n\n\n\n<div class=\"wp-block-pb-accordion-item c-accordion__item js-accordion-item no-js\" data-initially-open=\"false\" data-click-to-close=\"true\" data-auto-close=\"true\" data-scroll=\"false\" data-scroll-offset=\"0\"><h3 id=\"at-12115\" class=\"c-accordion__title js-accordion-controller\" role=\"button\">Pagamentos Fora de Prazo<\/h3><div id=\"ac-12115\" class=\"c-accordion__content\">\n<p>Caso n\u00e3o efetue o pagamento de alguma presta\u00e7\u00e3o dentro dos prazos fixados, incorrer\u00e1 num agravamento que inclui um Acr\u00e9scimo Emolumentar no valor de 40\u20ac e o juro \u00e0 taxa legal em vigor, conforme previsto no Regulamento de Propinas.&nbsp;<\/p>\n<\/div><\/div>\n\n\n\n<div class=\"wp-block-pb-accordion-item c-accordion__item js-accordion-item no-js\" data-initially-open=\"false\" data-click-to-close=\"true\" data-auto-close=\"true\" data-scroll=\"false\" data-scroll-offset=\"0\"><h3 id=\"at-12116\" class=\"c-accordion__title js-accordion-controller\" role=\"button\">Regulamento de Propinas<\/h3><div id=\"ac-12116\" class=\"c-accordion__content\">\n<p>\u00bb <a href=\"https:\/\/www.iseg.ulisboa.pt\/secretaria\/wp-content\/uploads\/sites\/8\/2023\/07\/Regulamento-de-Propinas-Mestrados.pdf\" data-type=\"link\" data-id=\"https:\/\/www.iseg.ulisboa.pt\/secretaria\/wp-content\/uploads\/sites\/8\/2023\/07\/Regulamento-de-Propinas-Mestrados.pdf\">Regulamento de Propinas de Mestrado<\/a><\/p>\n\n\n\n<p>\u00bb <a href=\"https:\/\/www.iseg.ulisboa.pt\/secretaria\/wp-content\/uploads\/sites\/8\/2024\/05\/Anexo-ao-regulamento-de-propinas-de-mestrado-2025_2026.pdf\">Anexo ao Regulamento de Propinas 2024\/2025<\/a><\/p>\n<\/div><\/div>\n\n\n\n<p><\/p>\n","protected":false},"excerpt":{"rendered":"A propina \u00e9 a taxa de frequ\u00eancia a que o estudante est\u00e1 obrigado pela realiza\u00e7\u00e3o de uma inscri\u00e7\u00e3o. A propina reporta sempre a um ano letivo. A propina est\u00e1 indexada&nbsp;[&#8230;]","protected":false},"author":43,"featured_media":0,"parent":52,"menu_order":3,"comment_status":"closed","ping_status":"closed","template":"","meta":{"_uag_custom_page_level_css":"","footnotes":""},"acf":[],"uagb_featured_image_src":{"full":false,"thumbnail":false,"medium":false,"medium_large":false,"large":false,"1536x1536":false,"2048x2048":false,"trp-custom-language-flag":false},"uagb_author_info":{"display_name":"martaflourenco","author_link":"https:\/\/www.iseg.ulisboa.pt\/secretaria\/author\/martaflourenco\/"},"uagb_comment_info":0,"uagb_excerpt":"A propina \u00e9 a taxa de frequ\u00eancia a que o estudante est\u00e1 obrigado pela realiza\u00e7\u00e3o de uma inscri\u00e7\u00e3o. A propina reporta sempre a um ano letivo. A propina est\u00e1 indexada&nbsp;[...]","_links":{"self":[{"href":"https:\/\/www.iseg.ulisboa.pt\/secretaria\/wp-json\/wp\/v2\/pages\/1211"}],"collection":[{"href":"https:\/\/www.iseg.ulisboa.pt\/secretaria\/wp-json\/wp\/v2\/pages"}],"about":[{"href":"https:\/\/www.iseg.ulisboa.pt\/secretaria\/wp-json\/wp\/v2\/types\/page"}],"author":[{"embeddable":true,"href":"https:\/\/www.iseg.ulisboa.pt\/secretaria\/wp-json\/wp\/v2\/users\/43"}],"replies":[{"embeddable":true,"href":"https:\/\/www.iseg.ulisboa.pt\/secretaria\/wp-json\/wp\/v2\/comments?post=1211"}],"version-history":[{"count":59,"href":"https:\/\/www.iseg.ulisboa.pt\/secretaria\/wp-json\/wp\/v2\/pages\/1211\/revisions"}],"predecessor-version":[{"id":5901,"href":"https:\/\/www.iseg.ulisboa.pt\/secretaria\/wp-json\/wp\/v2\/pages\/1211\/revisions\/5901"}],"up":[{"embeddable":true,"href":"https:\/\/www.iseg.ulisboa.pt\/secretaria\/wp-json\/wp\/v2\/pages\/52"}],"wp:attachment":[{"href":"https:\/\/www.iseg.ulisboa.pt\/secretaria\/wp-json\/wp\/v2\/media?parent=1211"}],"curies":[{"name":"wp","href":"https:\/\/api.w.org\/{rel}","templated":true}]}}