{"id":5105,"date":"2025-05-06T08:46:46","date_gmt":"2025-05-06T08:46:46","guid":{"rendered":"https:\/\/www.iseg.ulisboa.pt\/secretaria\/?page_id=5105"},"modified":"2026-04-15T15:32:26","modified_gmt":"2026-04-15T15:32:26","slug":"protocolo-apex","status":"publish","type":"page","link":"https:\/\/www.iseg.ulisboa.pt\/secretaria\/informacao-util\/protocolo-apex\/","title":{"rendered":"Protocolo APEX"},"content":{"rendered":"\n<p>De acordo com o protocolo APEX (Alian\u00e7a para a Promo\u00e7\u00e3o da Excel\u00eancia na Admi\u00adnis\u00adtra\u00ad\u00e7\u00e3o P\u00fablica), os dirigentes e quadros superiores da Administra\u00e7\u00e3o P\u00fablica (excluindo o Setor Empresarial do Estado) podem candidatar-se a alguns mestrados do ISEG, estando estas can\u00addi\u00addaturas subordinadas aos crit\u00e9rios de sele\u00e7\u00e3o em vigor e \u00e0s vagas estabelecidas.<\/p>\n\n\n\n<p>Podes encontrar os cursos e vagas oferecidas no \u00e2mbito deste protocolo, prazos de candidatura, valores e condi\u00e7\u00f5es no <a href=\"https:\/\/www.iseg.ulisboa.pt\/secretaria\/wp-content\/uploads\/sites\/8\/2026\/04\/Despacho-Presidencia-APEX_26-27.pdf\">Despacho APEX 2026\/2027<\/a>.<\/p>\n","protected":false},"excerpt":{"rendered":"De acordo com o protocolo APEX (Alian\u00e7a para a Promo\u00e7\u00e3o da Excel\u00eancia na Admi\u00adnis\u00adtra\u00ad\u00e7\u00e3o P\u00fablica), os dirigentes e quadros superiores da Administra\u00e7\u00e3o P\u00fablica (excluindo o Setor Empresarial do Estado) podem&nbsp;[&#8230;]","protected":false},"author":47,"featured_media":0,"parent":46,"menu_order":0,"comment_status":"closed","ping_status":"closed","template":"","meta":{"_uag_custom_page_level_css":"","footnotes":""},"acf":[],"uagb_featured_image_src":{"full":false,"thumbnail":false,"medium":false,"medium_large":false,"large":false,"1536x1536":false,"2048x2048":false,"trp-custom-language-flag":false},"uagb_author_info":{"display_name":"helena","author_link":"https:\/\/www.iseg.ulisboa.pt\/secretaria\/author\/helena\/"},"uagb_comment_info":0,"uagb_excerpt":"De acordo com o protocolo APEX (Alian\u00e7a para a Promo\u00e7\u00e3o da Excel\u00eancia na Admi\u00adnis\u00adtra\u00ad\u00e7\u00e3o P\u00fablica), os dirigentes e quadros superiores da Administra\u00e7\u00e3o P\u00fablica (excluindo o Setor Empresarial do Estado) podem&nbsp;[...]","_links":{"self":[{"href":"https:\/\/www.iseg.ulisboa.pt\/secretaria\/wp-json\/wp\/v2\/pages\/5105"}],"collection":[{"href":"https:\/\/www.iseg.ulisboa.pt\/secretaria\/wp-json\/wp\/v2\/pages"}],"about":[{"href":"https:\/\/www.iseg.ulisboa.pt\/secretaria\/wp-json\/wp\/v2\/types\/page"}],"author":[{"embeddable":true,"href":"https:\/\/www.iseg.ulisboa.pt\/secretaria\/wp-json\/wp\/v2\/users\/47"}],"replies":[{"embeddable":true,"href":"https:\/\/www.iseg.ulisboa.pt\/secretaria\/wp-json\/wp\/v2\/comments?post=5105"}],"version-history":[{"count":8,"href":"https:\/\/www.iseg.ulisboa.pt\/secretaria\/wp-json\/wp\/v2\/pages\/5105\/revisions"}],"predecessor-version":[{"id":6102,"href":"https:\/\/www.iseg.ulisboa.pt\/secretaria\/wp-json\/wp\/v2\/pages\/5105\/revisions\/6102"}],"up":[{"embeddable":true,"href":"https:\/\/www.iseg.ulisboa.pt\/secretaria\/wp-json\/wp\/v2\/pages\/46"}],"wp:attachment":[{"href":"https:\/\/www.iseg.ulisboa.pt\/secretaria\/wp-json\/wp\/v2\/media?parent=5105"}],"curies":[{"name":"wp","href":"https:\/\/api.w.org\/{rel}","templated":true}]}}

<p>De acordo com o protocolo APEX (Aliança para a Promoção da Excelência na Admi­nis­tra­ção Pública), os dirigentes e quadros superiores da Administração Pública (excluindo o Setor Empresarial do Estado) podem candidatar-se a alguns mestrados do ISEG, estando estas can­di­daturas subordinadas aos critérios de seleção em vigor e às vagas estabelecidas.</p>



<p>Podes encontrar os cursos e vagas oferecidas no âmbito deste protocolo, prazos de candidatura, valores e condições no <a href="https://www.iseg.ulisboa.pt/secretaria/wp-content/uploads/sites/8/2026/04/Despacho-Presidencia-APEX_26-27.pdf">Despacho APEX 2026/2027</a>.</p>

De acordo com o protocolo APEX (Aliança para a Promoção da Excelência na Admi­nis­tra­ção Pública), os dirigentes e quadros superiores da Administração Pública (excluindo o Setor Empresarial do Estado) podem&nbsp;[&#8230;]

De acordo com o protocolo APEX (Aliança para a Promoção da Excelência na Admi­nis­tra­ção Pública), os dirigentes e quadros superiores da Administração Pública (excluindo o Setor Empresarial do Estado) podem&nbsp;[...]
