{"id":889,"date":"2023-07-04T20:51:42","date_gmt":"2023-07-04T20:51:42","guid":{"rendered":"https:\/\/www.iseg.ulisboa.pt\/secretaria\/?page_id=889"},"modified":"2026-02-06T12:12:46","modified_gmt":"2026-02-06T12:12:46","slug":"licenciaturas","status":"publish","type":"page","link":"https:\/\/www.iseg.ulisboa.pt\/secretaria\/informacoes-academicas\/licenciaturas\/","title":{"rendered":"Licenciaturas"},"content":{"rendered":"<div class=\"block-additional-resources\">\n\t<div class=\"container\">\n\t\t<h3 class=\"has-iseg-red-color\"><\/h3>\n\t\t<div class=\"block-resources\">\n\t\t\t\t\t\t\t\t<a href=\"https:\/\/www.iseg.ulisboa.pt\/secretaria\/informacoes-academicas\/licenciaturas\/horarios-licenciaturas\/\" class=\"block-resources__item\" title=\"Hor\u00e1rios\" target=\"_self\">\n\t\t\t\t\t\tHor\u00e1rios\t\t\t\t\t<\/a>\n\t\t\t\t\t\t\t\t\t\t\t\t<a href=\"https:\/\/www.iseg.ulisboa.pt\/secretaria\/informacoes-academicas\/licenciaturas\/inscricoes\/\" class=\"block-resources__item\" title=\"Inscri\u00e7\u00f5es\" target=\"_self\">\n\t\t\t\t\t\tInscri\u00e7\u00f5es\t\t\t\t\t<\/a>\n\t\t\t\t\t\t\t\t\t\t\t\t<a href=\"https:\/\/www.iseg.ulisboa.pt\/secretaria\/informacoes-academicas\/calendarios-academicos\/calendario-de-epocas-de-avaliacao\/\" class=\"block-resources__item\" title=\"Calend\u00e1rio de \u00c9pocas de Avalia\u00e7\u00e3o\" target=\"_self\">\n\t\t\t\t\t\tCalend\u00e1rio de \u00c9pocas de Avalia\u00e7\u00e3o\t\t\t\t\t<\/a>\n\t\t\t\t\t\t\t\t\t\t\t\t<a href=\"https:\/\/www.iseg.ulisboa.pt\/secretaria\/informacoes-academicas\/calendarios-academicos\/calendario-escolar\/\" class=\"block-resources__item\" title=\"Calend\u00e1rio Escolar\" target=\"_self\">\n\t\t\t\t\t\tCalend\u00e1rio Escolar\t\t\t\t\t<\/a>\n\t\t\t\t\t\t\t\t\t\t\t\t<a href=\"https:\/\/www.iseg.ulisboa.pt\/secretaria\/informacoes-academicas\/licenciaturas\/propinas\/\" class=\"block-resources__item\" title=\"Propinas\" target=\"_self\">\n\t\t\t\t\t\tPropinas\t\t\t\t\t<\/a>\n\t\t\t\t\t\t\t\t\t\t\t\t<a href=\"https:\/\/www.iseg.ulisboa.pt\/secretaria\/informacoes-academicas\/calendarios-academicos\/prazos-importantes\/\" class=\"block-resources__item\" title=\"Prazos Importantes\" target=\"_self\">\n\t\t\t\t\t\tPrazos Importantes\t\t\t\t\t<\/a>\n\t\t\t\t\t\t\t\t\t\t\t\t<a href=\"https:\/\/www.iseg.ulisboa.pt\/secretaria\/informacoes-academicas\/licenciaturas\/finalistas-ate-24-ects\/\" class=\"block-resources__item\" title=\"Finalistas (at\u00e9 24 ECTS)\" target=\"_self\">\n\t\t\t\t\t\tFinalistas (at\u00e9 24 ECTS)\t\t\t\t\t<\/a>\n\t\t\t\t\t\t\t\t\t\t\t\t<a href=\"https:\/\/www.iseg.ulisboa.pt\/secretaria\/estatutos-especiais\/\" class=\"block-resources__item\" title=\"Estatutos Especiais\" target=\"_self\">\n\t\t\t\t\t\tEstatutos Especiais\t\t\t\t\t<\/a>\n\t\t\t\t\t\t\t\t\t\t\t\t<a href=\"https:\/\/www.iseg.ulisboa.pt\/secretaria\/perguntas-frequentes\/regime-de-prescricoes\/\" class=\"block-resources__item\" title=\"Regime de Prescri\u00e7\u00f5es\" target=\"_self\">\n\t\t\t\t\t\tRegime de Prescri\u00e7\u00f5es\t\t\t\t\t<\/a>\n\t\t\t\t\t\t\t\t\t<\/div>\n\t<\/div>\n<\/div>\n","protected":false},"excerpt":{"rendered":"","protected":false},"author":43,"featured_media":0,"parent":24,"menu_order":2,"comment_status":"closed","ping_status":"closed","template":"","meta":{"_uag_custom_page_level_css":"","footnotes":""},"acf":[],"uagb_featured_image_src":{"full":false,"thumbnail":false,"medium":false,"medium_large":false,"large":false,"1536x1536":false,"2048x2048":false,"trp-custom-language-flag":false},"uagb_author_info":{"display_name":"martaflourenco","author_link":"https:\/\/www.iseg.ulisboa.pt\/secretaria\/author\/martaflourenco\/"},"uagb_comment_info":0,"uagb_excerpt":null,"_links":{"self":[{"href":"https:\/\/www.iseg.ulisboa.pt\/secretaria\/wp-json\/wp\/v2\/pages\/889"}],"collection":[{"href":"https:\/\/www.iseg.ulisboa.pt\/secretaria\/wp-json\/wp\/v2\/pages"}],"about":[{"href":"https:\/\/www.iseg.ulisboa.pt\/secretaria\/wp-json\/wp\/v2\/types\/page"}],"author":[{"embeddable":true,"href":"https:\/\/www.iseg.ulisboa.pt\/secretaria\/wp-json\/wp\/v2\/users\/43"}],"replies":[{"embeddable":true,"href":"https:\/\/www.iseg.ulisboa.pt\/secretaria\/wp-json\/wp\/v2\/comments?post=889"}],"version-history":[{"count":41,"href":"https:\/\/www.iseg.ulisboa.pt\/secretaria\/wp-json\/wp\/v2\/pages\/889\/revisions"}],"predecessor-version":[{"id":5949,"href":"https:\/\/www.iseg.ulisboa.pt\/secretaria\/wp-json\/wp\/v2\/pages\/889\/revisions\/5949"}],"up":[{"embeddable":true,"href":"https:\/\/www.iseg.ulisboa.pt\/secretaria\/wp-json\/wp\/v2\/pages\/24"}],"wp:attachment":[{"href":"https:\/\/www.iseg.ulisboa.pt\/secretaria\/wp-json\/wp\/v2\/media?parent=889"}],"curies":[{"name":"wp","href":"https:\/\/api.w.org\/{rel}","templated":true}]}}

<div class="block-additional-resources">
	<div class="container">
		<h3 class="has-iseg-red-color"></h3>
		<div class="block-resources">
								<a href="https://www.iseg.ulisboa.pt/secretaria/informacoes-academicas/licenciaturas/horarios-licenciaturas/" class="block-resources__item" title="Horários" target="_self">
						Horários					</a>
												<a href="https://www.iseg.ulisboa.pt/secretaria/informacoes-academicas/licenciaturas/inscricoes/" class="block-resources__item" title="Inscrições" target="_self">
						Inscrições					</a>
												<a href="https://www.iseg.ulisboa.pt/secretaria/informacoes-academicas/calendarios-academicos/calendario-de-epocas-de-avaliacao/" class="block-resources__item" title="Calendário de Épocas de Avaliação" target="_self">
						Calendário de Épocas de Avaliação					</a>
												<a href="https://www.iseg.ulisboa.pt/secretaria/informacoes-academicas/calendarios-academicos/calendario-escolar/" class="block-resources__item" title="Calendário Escolar" target="_self">
						Calendário Escolar					</a>
												<a href="https://www.iseg.ulisboa.pt/secretaria/informacoes-academicas/licenciaturas/propinas/" class="block-resources__item" title="Propinas" target="_self">
						Propinas					</a>
												<a href="https://www.iseg.ulisboa.pt/secretaria/informacoes-academicas/calendarios-academicos/prazos-importantes/" class="block-resources__item" title="Prazos Importantes" target="_self">
						Prazos Importantes					</a>
												<a href="https://www.iseg.ulisboa.pt/secretaria/informacoes-academicas/licenciaturas/finalistas-ate-24-ects/" class="block-resources__item" title="Finalistas (até 24 ECTS)" target="_self">
						Finalistas (até 24 ECTS)					</a>
												<a href="https://www.iseg.ulisboa.pt/secretaria/estatutos-especiais/" class="block-resources__item" title="Estatutos Especiais" target="_self">
						Estatutos Especiais					</a>
												<a href="https://www.iseg.ulisboa.pt/secretaria/perguntas-frequentes/regime-de-prescricoes/" class="block-resources__item" title="Regime de Prescrições" target="_self">
						Regime de Prescrições					</a>
									</div>
	</div>
</div>
