{"id":91,"date":"2023-01-26T15:13:06","date_gmt":"2023-01-26T15:13:06","guid":{"rendered":"https:\/\/www.iseg.ulisboa.pt\/secretaria\/?page_id=91"},"modified":"2026-02-05T14:24:10","modified_gmt":"2026-02-05T14:24:10","slug":"maiores-de-23-anos","status":"publish","type":"page","link":"https:\/\/www.iseg.ulisboa.pt\/secretaria\/candidaturas\/licenciaturas\/maiores-de-23-anos\/","title":{"rendered":"Maiores de 23 anos"},"content":{"rendered":"\n<h3 class=\"wp-block-heading\">Provas de Avalia\u00e7\u00e3o Maiores de 23 Anos &#8211; 2026\/2027<\/h3>\n\n\n\n<p>O&nbsp;<a href=\"https:\/\/www.iseg.ulisboa.pt\/secretaria\/wp-content\/uploads\/sites\/8\/2023\/07\/decreto-lei-64.pdf\" target=\"_blank\" rel=\"noreferrer noopener\">Decreto-Lei 64\/2006<\/a>, de 21 de Mar\u00e7o, que aprova as condi\u00e7\u00f5es especiais de acesso e ingresso no ensino superior para a frequ\u00eancia do ensino superior dos maiores de 23 anos, contempla os candidatos maiores de 23 anos, independentemente das habilita\u00e7\u00f5es acad\u00e9micas de que s\u00e3o titulares, desde que n\u00e3o detenham a habilita\u00e7\u00e3o de acesso. <\/p>\n\n\n\n<p>Deve entender-se por habilita\u00e7\u00e3o de acesso, ser titular de um curso de ensino secund\u00e1rio ou de habilita\u00e7\u00e3o legalmente equivalente e ter realizado a prova de capacidade para a frequ\u00eancia do ensino superior, a qual se concretiza com a aprova\u00e7\u00e3o nas provas de ingresso (o 12\u00ba ano ou equivalente, s\u00f3 por si, n\u00e3o pode ser considerado habilita\u00e7\u00e3o de acesso ao ensino superior).<\/p>\n\n\n\n<h3 class=\"wp-block-heading\"><strong>Condi\u00e7\u00f5es de Acesso:<\/strong><\/h3>\n\n\n\n<p>Completar 23 anos de idade at\u00e9 ao dia 31 de Dezembro, do ano que antecede a realiza\u00e7\u00e3o das provas de avalia\u00e7\u00e3o;<br>N\u00e3o detenham habilita\u00e7\u00e3o de acesso espec\u00edfica (entende-se como tendo &#8220;habilita\u00e7\u00e3o de acesso espec\u00edfica&#8221; os alunos que tenham obtido aprova\u00e7\u00e3o nas disciplinas exigidas para acesso \u00e0s Licenciaturas do ISEG nas provas nacionais de ingresso no ensino superior).<\/p>\n\n\n\n<h4 class=\"wp-block-heading\">&nbsp;<\/h4>\n\n\n\n<h4 class=\"wp-block-heading\"><a href=\"https:\/\/www.iseg.ulisboa.pt\/aquila\/publico\/aquilaDegreeCandidacy.do?method=showWarning&amp;contentContextPath_PATH=\/instituicao\/ISEG\/topo\/licenciaturas&amp;_request_checksum_=57b77317605c940b1a0720609ec6b6bd51fd1a56&amp;_request_checksum_=6e683aa9a3ee34d33b61b760e2f8571565da7777\" data-type=\"URL\" data-id=\"https:\/\/www.iseg.ulisboa.pt\/aquila\/publico\/aquilaDegreeCandidacy.do?method=showWarning&amp;contentContextPath_PATH=\/instituicao\/ISEG\/topo\/licenciaturas&amp;_request_checksum_=57b77317605c940b1a0720609ec6b6bd51fd1a56&amp;_request_checksum_=6e683aa9a3ee34d33b61b760e2f8571565da7777\" target=\"_blank\" rel=\"noreferrer noopener\">Candidatura Online<\/a> \u2192 4 a 19 de Maio de 2026<\/h4>\n\n\n\n<h5 class=\"wp-block-heading\">&nbsp;<\/h5>\n\n\n\n<div class=\"wp-block-pb-accordion-item c-accordion__item js-accordion-item no-js\" data-initially-open=\"false\" data-click-to-close=\"true\" data-auto-close=\"true\" data-scroll=\"false\" data-scroll-offset=\"0\"><h3 id=\"at-910\" class=\"c-accordion__title js-accordion-controller\" role=\"button\">Documentos Necess\u00e1rios<\/h3><div id=\"ac-910\" class=\"c-accordion__content\">\n<p>A candidatura \u00e9 efetuada&nbsp;online e deve efetuar upload dos seguintes documentos:<\/p>\n\n\n\n<ul>\n<li>Declara\u00e7\u00e3o de honra (<a href=\"https:\/\/www.iseg.ulisboa.pt\/secretaria\/wp-content\/uploads\/sites\/8\/2023\/07\/MO_PR11_02_Declaracao-de-Honra_M23_V07.xlsx\">aqui<\/a><a href=\"https:\/\/www.iseg.ulisboa.pt\/aquila\/getFile.do?fileId=1535838&amp;method=getFile&amp;_request_checksum_=ee73a052cd63a667c36de4326b297a11bff1db03\">)<\/a><\/li>\n\n\n\n<li>Fotografia<\/li>\n\n\n\n<li>C\u00f3pia do bilhete de identidade\/cart\u00e3o de cidad\u00e3o ou passaporte<\/li>\n\n\n\n<li>C\u00f3pia do cart\u00e3o de identifica\u00e7\u00e3o fiscal<\/li>\n\n\n\n<li>Curr\u00edculo escolar e profissional (sugere-se o modelo do&nbsp;<a href=\"https:\/\/europass.cedefop.europa.eu\/editors\/pt\/cv\/compose\">Europasse<\/a>).<\/li>\n\n\n\n<li>Certificado de habilita\u00e7\u00f5es<\/li>\n\n\n\n<li>Exposi\u00e7\u00e3o sint\u00e9tica das motiva\u00e7\u00f5es da candidatura (de 100 a 300 palavras)<\/li>\n\n\n\n<li>Certid\u00e3o de Contagem de Tempo de Resid\u00eancia em Portugal passado pela AIMA, caso o candidato n\u00e3o seja nacional de um Estado-Membro da Uni\u00e3o Europeia.<\/li>\n<\/ul>\n<\/div><\/div>\n\n\n\n<div class=\"wp-block-pb-accordion-item c-accordion__item js-accordion-item no-js\" data-initially-open=\"false\" data-click-to-close=\"true\" data-auto-close=\"true\" data-scroll=\"false\" data-scroll-offset=\"0\"><h3 id=\"at-911\" class=\"c-accordion__title js-accordion-controller\" role=\"button\">Vagas<\/h3><div id=\"ac-911\" class=\"c-accordion__content\">\n<figure class=\"wp-block-table block-table-studyplan has-iseg-yellow-thead\"><table><thead><tr><th class=\"has-text-align-left\" data-align=\"left\">Licenciaturas em Portugu\u00eas<\/th><th class=\"has-text-align-left\" data-align=\"left\">Vagas<\/th><\/tr><\/thead><tbody><tr><td class=\"has-text-align-left\" data-align=\"left\"><a href=\"https:\/\/www.iseg.ulisboa.pt\/estudar\/licenciatura\/economia\">Economia<\/a><\/td><td class=\"has-text-align-left\" data-align=\"left\">10<\/td><\/tr><tr><td class=\"has-text-align-left\" data-align=\"left\"><a href=\"https:\/\/www.iseg.ulisboa.pt\/estudar\/licenciatura\/gestao\">Gest\u00e3o<\/a><\/td><td class=\"has-text-align-left\" data-align=\"left\">10<\/td><\/tr><tr><td class=\"has-text-align-left\" data-align=\"left\"><a href=\"https:\/\/www.iseg.ulisboa.pt\/estudar\/licenciatura\/matematica-aplicada-a-economia-e-a-gestao\">MAEG<\/a><\/td><td class=\"has-text-align-left\" data-align=\"left\">1<\/td><\/tr><\/tbody><\/table><\/figure>\n\n\n\n<figure class=\"wp-block-table block-table-studyplan has-iseg-pink-thead\"><table><thead><tr><th class=\"has-text-align-left\" data-align=\"left\">Licenciatura em Ingl\u00eas<\/th><th>Vagas<\/th><\/tr><\/thead><tbody><tr><td class=\"has-text-align-left\" data-align=\"left\"><a href=\"https:\/\/www.iseg.ulisboa.pt\/study\/undergraduate\/finance\">Finance<\/a><\/td><td>3<\/td><\/tr><tr><td class=\"has-text-align-left\" data-align=\"left\"><a href=\"https:\/\/www.iseg.ulisboa.pt\/study\/undergraduate\/economics\">Economics<\/a><\/td><td>2<\/td><\/tr><tr><td class=\"has-text-align-left\" data-align=\"left\">MAEG-EN<\/td><td>1<\/td><\/tr><tr><td class=\"has-text-align-left\" data-align=\"left\"><a href=\"https:\/\/www.iseg.ulisboa.pt\/study\/undergraduate\/management\">Management<\/a><\/td><td>5<\/td><\/tr><\/tbody><\/table><\/figure>\n\n\n\n<p>As licenciaturas no ISEG s\u00e3o lecionadas em hor\u00e1rio diurno<\/p>\n<\/div><\/div>\n\n\n\n<div class=\"wp-block-pb-accordion-item c-accordion__item js-accordion-item no-js\" data-initially-open=\"false\" data-click-to-close=\"true\" data-auto-close=\"true\" data-scroll=\"false\" data-scroll-offset=\"0\"><h3 id=\"at-912\" class=\"c-accordion__title js-accordion-controller\" role=\"button\">Emolumentos<\/h3><div id=\"ac-912\" class=\"c-accordion__content\">\n<ul>\n<li>Inscri\u00e7\u00e3o nas provas &#8211; 60 euros<\/li>\n\n\n\n<li>Pedido de reaprecia\u00e7\u00e3o de provas &#8211; 50 euros<\/li>\n\n\n\n<li>Certid\u00e3o do resultado das provas &#8211; 20 euros<\/li>\n\n\n\n<li>Candidatura dos candidatos aprovados (prova de 25\/05\/2026) a) &#8211; 60 euros<\/li>\n<\/ul>\n<\/div><\/div>\n\n\n\n<div class=\"wp-block-pb-accordion-item c-accordion__item js-accordion-item no-js\" data-initially-open=\"false\" data-click-to-close=\"true\" data-auto-close=\"true\" data-scroll=\"false\" data-scroll-offset=\"0\"><h3 id=\"at-913\" class=\"c-accordion__title js-accordion-controller\" role=\"button\">Calendariza\u00e7\u00e3o<\/h3><div id=\"ac-913\" class=\"c-accordion__content\">\n<figure class=\"wp-block-table block-table-studyplan has-iseg-yellow-thead\"><table class=\"has-fixed-layout\"><thead><tr><th class=\"has-text-align-left\" data-align=\"left\">Atividade<\/th><th class=\"has-text-align-left\" data-align=\"left\">Per\u00edodo<\/th><\/tr><\/thead><tbody><tr><td class=\"has-text-align-left\" data-align=\"left\">Prazo de Inscri\u00e7\u00e3o para as Provas<\/td><td class=\"has-text-align-left\" data-align=\"left\">4 a 19 de maio de 2026<\/td><\/tr><tr><td class=\"has-text-align-left\" data-align=\"left\">Data da Realiza\u00e7\u00e3o da prova&nbsp;*<\/td><td class=\"has-text-align-left\" data-align=\"left\">25 de maio de 2026 \u00e0s 10h00 *<\/td><\/tr><tr><td class=\"has-text-align-left\" data-align=\"left\">Afixa\u00e7\u00e3o dos resultados das provas&nbsp;<\/td><td class=\"has-text-align-left\" data-align=\"left\">15 de junho de 2026<\/td><\/tr><tr><td class=\"has-text-align-left\" data-align=\"left\">Pedido de reaprecia\u00e7\u00e3o das provas<\/td><td class=\"has-text-align-left\" data-align=\"left\">15 a 16 de junho de 2026<\/td><\/tr><tr><td class=\"has-text-align-left\" data-align=\"left\">Afixa\u00e7\u00e3o de resultados de reaprecia\u00e7\u00e3o das provas<\/td><td class=\"has-text-align-left\" data-align=\"left\">22 de junho de 2026<\/td><\/tr><tr><td class=\"has-text-align-left\" data-align=\"left\">Candidatura dos candidatos aprovados a)<\/td><td class=\"has-text-align-left\" data-align=\"left\">23 a 26 de junho de 2026<\/td><\/tr><\/tbody><\/table><\/figure>\n\n\n\n<p>* Afiteatro 3 &#8211; Piso -1 &#8211; Ed. Francesinhas 2 &#8211; ISEG (Rua das Francesinhas s\/n)<\/p>\n\n\n\n<p><strong>Notas<\/strong>:<br>a)&nbsp;Os candidatos com nota positiva ap\u00f3s a publica\u00e7\u00e3o dos resultados,&nbsp;pretendendo candidatar-se \u00e0s vagas dos cursos do ISEG, devem candidatar-se nos prazos definidos para o efeito, sujeitos os emolumentos fixados.<\/p>\n<\/div><\/div>\n\n\n\n<div class=\"wp-block-pb-accordion-item c-accordion__item js-accordion-item no-js\" data-initially-open=\"false\" data-click-to-close=\"true\" data-auto-close=\"true\" data-scroll=\"false\" data-scroll-offset=\"0\"><h3 id=\"at-914\" class=\"c-accordion__title js-accordion-controller\" role=\"button\">Provas 3 \u00faltimos anos<\/h3><div id=\"ac-914\" class=\"c-accordion__content\"><div class=\"block-file-list\">\n\t<div class=\"container\">\n\t\t<div class=\"file-list\">\n\t\t\t<ul class=\"program-list\">\n                                    <li>\n                        <a target=\"_blank\" href=\"https:\/\/www.iseg.ulisboa.pt\/secretaria\/wp-content\/uploads\/sites\/8\/2026\/02\/Prova-2025-Portugues.pdf\">\n                            <b>Prova Escrita de Avalia\u00e7\u00e3o de Capacidade 2025<\/b><div class=\"file_info\"> ( pdf, 129 KB ) <\/div>                        <\/a>\n                    <\/li>\n                                    <li>\n                        <a target=\"_blank\" href=\"https:\/\/www.iseg.ulisboa.pt\/secretaria\/wp-content\/uploads\/sites\/8\/2026\/02\/Prova-2024-PT.pdf\">\n                            <b>Prova Escrita de Avalia\u00e7\u00e3o de Capacidade 2024<\/b><div class=\"file_info\"> ( pdf, 253 KB ) <\/div>                        <\/a>\n                    <\/li>\n                                    <li>\n                        <a target=\"_blank\" href=\"https:\/\/www.iseg.ulisboa.pt\/secretaria\/wp-content\/uploads\/sites\/8\/2023\/08\/Prova-Escrita-de-Avaliao-de-Capacidade-2023.pdf\">\n                            <b>Prova Escrita de Avalia\u00e7\u00e3o de Capacidade 2023<\/b><div class=\"file_info\"> ( pdf, 290 KB ) <\/div>                        <\/a>\n                    <\/li>\n                            <\/ul>\n\t\t<\/div>\n\t<\/div>\n<\/div>\n\n\n<div style=\"height:100px\" aria-hidden=\"true\" class=\"wp-block-spacer\"><\/div>\n<\/div><\/div>\n\n\n\n<div class=\"wp-block-pb-accordion-item c-accordion__item js-accordion-item no-js\" data-initially-open=\"false\" data-click-to-close=\"true\" data-auto-close=\"true\" data-scroll=\"false\" data-scroll-offset=\"0\"><h3 id=\"at-915\" class=\"c-accordion__title js-accordion-controller\" role=\"button\">\u00c1reas de Estudo e Bibliografia<\/h3><div id=\"ac-915\" class=\"c-accordion__content\">\n<p><strong>\u00c1rea Cient\u00edfica<\/strong>: Gest\u00e3o<\/p>\n\n\n\n<p>Temas: Quaisquer elementos de Cultura Geral<\/p>\n\n\n\n<p>Bibliografia: SOUSA, Ant\u00f3nio, (1990), Introdu\u00e7\u00e3o \u00e0 Gest\u00e3o, Uma abordagem Sist\u00e9mica, Verbo.<\/p>\n\n\n\n<p><strong>\u00c1rea Cient\u00edfica:<\/strong>&nbsp;Hist\u00f3ria Econ\u00f3mica<\/p>\n\n\n\n<p>Temas: Crescimento econ\u00f3mico do p\u00f3s Segunda Guerra; Segunda Globaliza\u00e7\u00e3o; Crises.<\/p>\n\n\n\n<p>Bibliografia: Nunes, Ana Bela; Val\u00e9rio, Nuno (2004), Hist\u00f3ria de Economia Mundial Contempor\u00e2nea, Editorial Presen\u00e7a, Lisboa.<\/p>\n\n\n\n<p><strong>\u00c1rea Cient\u00edfica:<\/strong>&nbsp;&nbsp;Economia Internacional<\/p>\n\n\n\n<p>Bibliografia:&nbsp; Appleyard , D., Field, A. and Cobb, S. (2010) Economia Internacional , McGraw Hill, AMG Editora Ltda. Sao Paulo.<\/p>\n\n\n\n<p>Krugman, P. (2012) Acabem com Esta Crise J\u00e1. Editorial Presen\u00e7a, Lisboa.<\/p>\n\n\n\n<p><strong>\u00c1rea Cient\u00edfica:<\/strong>&nbsp;Matem\u00e1tica.<\/p>\n\n\n\n<p>Temas: Fun\u00e7\u00f5es e sucess\u00f5es; C\u00e1lculo diferencial; Probabilidades e estat\u00edstica.<\/p>\n\n\n\n<p>Bibliografia de apoio: Manuais contendo o programa de Matem\u00e1tica A do Ensino Secund\u00e1rio (10\u00ba, 11\u00ba e 12\u00ba anos).<\/p>\n<\/div><\/div>\n\n\n\n<div class=\"wp-block-pb-accordion-item c-accordion__item js-accordion-item no-js\" data-initially-open=\"false\" data-click-to-close=\"true\" data-auto-close=\"true\" data-scroll=\"false\" data-scroll-offset=\"0\"><h3 id=\"at-916\" class=\"c-accordion__title js-accordion-controller\" role=\"button\">Propinas<\/h3><div id=\"ac-916\" class=\"c-accordion__content\">\n<p>Pagamento de <a href=\"https:\/\/www.iseg.ulisboa.pt\/secretaria\/informacoes-academicas\/licenciaturas\/propinas\/\">propinas e emolumentos a liquidar<\/a>:<\/p>\n\n\n\n<ul>\n<li>Atos Administrativos &#8211; 50 Euros;<\/li>\n\n\n\n<li>Seguro Escolar + Propina 1\u00aa Presta\u00e7\u00e3o &#8211; 159,10 Euros<\/li>\n<\/ul>\n\n\n\n<p>Pagamento total de <strong>209,10 Euros<\/strong> referente a Atos Administrativos (50,00 Euros) + Seguro Escolar (2,10 Euros) + 1\u00aa Presta\u00e7\u00e3o da Propina (157,00 Euros) deve ser realizado <strong>at\u00e9 5 dias ap\u00f3s a matr\u00edcula<\/strong>.<\/p>\n<\/div><\/div>\n\n\n\n<div style=\"height:100px\" aria-hidden=\"true\" class=\"wp-block-spacer\"><\/div>\n\n\n\n<p>Dia Aberto e Oficinas e Ateli\u00eas Maiores 23 anos &#8211; 5 de Fevereiro  &#8211; ULisboa ver&nbsp;<a href=\"https:\/\/www.ulisboa.pt\/evento\/dia-aberto-m23-2026\">aqui<\/a><\/p>\n\n\n\n<p><\/p>\n\n\n<div class=\"block-file-list\">\n\t<div class=\"container\">\n\t\t<div class=\"file-list\">\n\t\t\t<ul class=\"program-list\">\n                                    <li>\n                        <a target=\"_blank\" href=\"https:\/\/www.iseg.ulisboa.pt\/secretaria\/wp-content\/uploads\/sites\/8\/2023\/07\/Regulamento-Maiores-23-anos-ISEG.pdf\">\n                            <b>Regulamento Maiores 23 anos &#8211; ISEG<\/b><div class=\"file_info\"> ( pdf, 462 KB ) <\/div>                        <\/a>\n                    <\/li>\n                            <\/ul>\n\t\t<\/div>\n\t<\/div>\n<\/div>","protected":false},"excerpt":{"rendered":"Provas de Avalia\u00e7\u00e3o Maiores de 23 Anos &#8211; 2026\/2027 O&nbsp;Decreto-Lei 64\/2006, de 21 de Mar\u00e7o, que aprova as condi\u00e7\u00f5es especiais de acesso e ingresso no ensino superior para a frequ\u00eancia&nbsp;[&#8230;]","protected":false},"author":2,"featured_media":0,"parent":50,"menu_order":5,"comment_status":"closed","ping_status":"closed","template":"","meta":{"_uag_custom_page_level_css":"","footnotes":""},"acf":[],"uagb_featured_image_src":{"full":false,"thumbnail":false,"medium":false,"medium_large":false,"large":false,"1536x1536":false,"2048x2048":false,"trp-custom-language-flag":false},"uagb_author_info":{"display_name":"Major","author_link":"https:\/\/www.iseg.ulisboa.pt\/secretaria\/author\/leihla\/"},"uagb_comment_info":0,"uagb_excerpt":"Provas de Avalia\u00e7\u00e3o Maiores de 23 Anos &#8211; 2026\/2027 O&nbsp;Decreto-Lei 64\/2006, de 21 de Mar\u00e7o, que aprova as condi\u00e7\u00f5es especiais de acesso e ingresso no ensino superior para a frequ\u00eancia&nbsp;[...]","_links":{"self":[{"href":"https:\/\/www.iseg.ulisboa.pt\/secretaria\/wp-json\/wp\/v2\/pages\/91"}],"collection":[{"href":"https:\/\/www.iseg.ulisboa.pt\/secretaria\/wp-json\/wp\/v2\/pages"}],"about":[{"href":"https:\/\/www.iseg.ulisboa.pt\/secretaria\/wp-json\/wp\/v2\/types\/page"}],"author":[{"embeddable":true,"href":"https:\/\/www.iseg.ulisboa.pt\/secretaria\/wp-json\/wp\/v2\/users\/2"}],"replies":[{"embeddable":true,"href":"https:\/\/www.iseg.ulisboa.pt\/secretaria\/wp-json\/wp\/v2\/comments?post=91"}],"version-history":[{"count":75,"href":"https:\/\/www.iseg.ulisboa.pt\/secretaria\/wp-json\/wp\/v2\/pages\/91\/revisions"}],"predecessor-version":[{"id":5942,"href":"https:\/\/www.iseg.ulisboa.pt\/secretaria\/wp-json\/wp\/v2\/pages\/91\/revisions\/5942"}],"up":[{"embeddable":true,"href":"https:\/\/www.iseg.ulisboa.pt\/secretaria\/wp-json\/wp\/v2\/pages\/50"}],"wp:attachment":[{"href":"https:\/\/www.iseg.ulisboa.pt\/secretaria\/wp-json\/wp\/v2\/media?parent=91"}],"curies":[{"name":"wp","href":"https:\/\/api.w.org\/{rel}","templated":true}]}}