{"id":97,"date":"2023-01-26T15:14:59","date_gmt":"2023-01-26T15:14:59","guid":{"rendered":"https:\/\/www.iseg.ulisboa.pt\/secretaria\/?page_id=97"},"modified":"2026-04-14T16:03:57","modified_gmt":"2026-04-14T16:03:57","slug":"unidades-curriculares-isoladas","status":"publish","type":"page","link":"https:\/\/www.iseg.ulisboa.pt\/secretaria\/candidaturas\/licenciaturas\/unidades-curriculares-isoladas\/","title":{"rendered":"Unidades Curriculares Isoladas"},"content":{"rendered":"\n<p class=\"has-large-font-size\">Podem candidatar-se a unidades curriculares isoladas os alunos inscritos em curso de licenciatura do ISEG ou outros candidatos. Alunos internacionais com v\u00ednculo a institui\u00e7\u00f5es de ensino superior s\u00f3 podem efetuar candidatura como <a href=\"https:\/\/www.iseg.ulisboa.pt\/internacional\/mobilidade-incoming\/application\/application-as-free-mover\/\" data-type=\"link\" data-id=\"https:\/\/www.iseg.ulisboa.pt\/internacional\/mobilidade-incoming\/application\/application-as-free-mover\/\">Free-Mover<\/a><\/p>\n\n\n\n<div class=\"wp-block-pb-accordion-item c-accordion__item js-accordion-item no-js\" data-initially-open=\"false\" data-click-to-close=\"true\" data-auto-close=\"true\" data-scroll=\"false\" data-scroll-offset=\"0\"><h3 id=\"at-970\" class=\"c-accordion__title js-accordion-controller\" role=\"button\">Prazos<\/h3><div id=\"ac-970\" class=\"c-accordion__content\">\n<ul>\n<li><strong>1\u00aa Fase: 1 a 31 de julho 2026<\/strong><br>(candidatura \u00e0s unidades curriculares do 1\u00ba e 2\u00ba semestre);<\/li>\n\n\n\n<li><strong>2\u00aa Fase: De 1 a 15 de janeiro de 2027<\/strong> <br>(candidatura \u00e0s unidades curriculares do 2\u00ba semestre)<\/li>\n<\/ul>\n<\/div><\/div>\n\n\n\n<div class=\"wp-block-pb-accordion-item c-accordion__item js-accordion-item no-js\" data-initially-open=\"false\" data-click-to-close=\"true\" data-auto-close=\"true\" data-scroll=\"false\" data-scroll-offset=\"0\"><h3 id=\"at-971\" class=\"c-accordion__title js-accordion-controller\" role=\"button\">Emolumentos<\/h3><div id=\"ac-971\" class=\"c-accordion__content\">\n<p>Taxa de candidatura :60 Euros (n\u00e3o reembols\u00e1veis)<\/p>\n\n\n\n<p><\/p>\n\n\n\n<p>Alunos Externos (incluindo ex-alunos, alunos prescritos) ao ISEG &#8211; 350 \u20ac (por cada unidade curricular)<\/p>\n\n\n\n<p><strong>&nbsp;&nbsp;&nbsp;&gt; <a href=\"https:\/\/www.iseg.ulisboa.pt\/secretaria\/wp-content\/uploads\/sites\/8\/2023\/07\/0025600259.pdf\" data-type=\"URL\" data-id=\"https:\/\/dre.pt\/application\/file\/a\/128612318\" target=\"_blank\" rel=\"noreferrer noopener\">Regulamento<\/a><\/strong><\/p>\n\n\n\n<p>Ao montante a pagar pela inscri\u00e7\u00e3o em unidades curriculares isoladas \u00e9 acrescido o pr\u00e9mio anual de seguro escolar. Em caso de desist\u00eancia, os valores j\u00e1 liquidados n\u00e3o s\u00e3o reembolsados.<\/p>\n\n\n\n<p>Os alunos inscritos ficam sujeitos a todos os direitos inerentes \u00e0 unidade curricular em que se inscrevem, nomeadamente no que respeita \u00e0 avalia\u00e7\u00e3o, em igualdade com os alunos que frequentam essa unidade curricular por via normal. As unidades curriculares assim realizadas por alunos do ISEG n\u00e3o contam para efeitos de c\u00e1lculo na m\u00e9dia final da Licenciatura. O aluno tem direito a um certificado onde consta as unidades curriculares assim realizadas, bem como a classifica\u00e7\u00e3o obtida. As unidades curriculares isoladas n\u00e3o conferem a atribui\u00e7\u00e3o de diploma de curso ou grau acad\u00e9mico.<\/p>\n\n\n\n<p>As unidades curriculares isoladas s\u00e3o creditadas ao abrigo do Regulamento de Credita\u00e7\u00e3o e Integra\u00e7\u00e3o Curricular de Experi\u00eancias Profissionais e Forma\u00e7\u00f5es Acad\u00e9micas do Instituto Superior de Economia e Gest\u00e3o, caso o seu titular venha a adquirir o estatuto de aluno de um ciclo de estudos de ensino superior que contenha no seu Plano de Estudos essas unidades curriculares.<\/p>\n<\/div><\/div>\n\n\n\n<div class=\"wp-block-pb-accordion-item c-accordion__item js-accordion-item no-js\" data-initially-open=\"false\" data-click-to-close=\"true\" data-auto-close=\"true\" data-scroll=\"false\" data-scroll-offset=\"0\"><h3 id=\"at-975\" class=\"c-accordion__title js-accordion-controller\" role=\"button\">Candidatura<\/h3><div id=\"ac-975\" class=\"c-accordion__content\">\n<p>Dever\u00e1 enviar email para seclic@iseg.ulisboa.pt com os documentos referidos abaixo.<\/p>\n\n\n\n<p>Ap\u00f3s a recep\u00e7\u00e3o, ser\u00e1 criada a guia de pagamento e respectiva refer\u00eancia que ser\u00e1 enviada por email.<\/p>\n<\/div><\/div>\n\n\n\n<div class=\"wp-block-pb-accordion-item c-accordion__item js-accordion-item no-js\" data-initially-open=\"false\" data-click-to-close=\"true\" data-auto-close=\"true\" data-scroll=\"false\" data-scroll-offset=\"0\"><h3 id=\"at-972\" class=\"c-accordion__title js-accordion-controller\" role=\"button\">Documentos Necess\u00e1rios<\/h3><div id=\"ac-972\" class=\"c-accordion__content\">\n<ul>\n<li>Boletim de Candidatura (<a href=\"https:\/\/www.iseg.ulisboa.pt\/secretaria\/wp-content\/uploads\/sites\/8\/2025\/01\/MO_PR11_09_Boletim-de-Candidatura-Unidades-Avulso_V06.xls\">aqui<\/a>);<\/li>\n\n\n\n<li>Certid\u00e3o de Habilita\u00e7\u00f5es;<\/li>\n\n\n\n<li>Fotografia;<\/li>\n\n\n\n<li>Curr\u00edculo escolar e profissional do candidato (sugere-se o modelo do <a href=\"https:\/\/www.iseg.ulisboa.pt\/aquila\/getFile.do?method=getFile&amp;fileId=16815&amp;_request_checksum_=41a3cb0cf78a7153b0ded1edab2c6602e15a5a01\" data-type=\"link\" data-id=\"https:\/\/www.iseg.ulisboa.pt\/aquila\/getFile.do?method=getFile&amp;fileId=16815&amp;_request_checksum_=41a3cb0cf78a7153b0ded1edab2c6602e15a5a01\">CV Europeu<\/a>);<\/li>\n\n\n\n<li>Fotoc\u00f3pia do Bilhete de Identidade\/Cart\u00e3o do Cidad\u00e3o <sup>a)<\/sup>;<\/li>\n\n\n\n<li>Fotoc\u00f3pia NIF<\/li>\n<\/ul>\n\n\n\n<hr class=\"wp-block-separator has-alpha-channel-opacity is-style-dots\" \/>\n\n\n\n<p><strong>Notas:<\/strong><\/p>\n\n\n\n<p><sup>a)<\/sup>Com consentimento do pr\u00f3prio<br>A candidatura dever\u00e1 ser enviada por email para <a rel=\"noreferrer noopener\" href=\"mailto:seclic@iseg.ulisboa.pt\" target=\"_blank\">seclic@iseg.ulisboa.pt<\/a>.<\/p>\n<\/div><\/div>\n\n\n\n<div class=\"wp-block-pb-accordion-item c-accordion__item js-accordion-item no-js\" data-initially-open=\"false\" data-click-to-close=\"true\" data-auto-close=\"true\" data-scroll=\"false\" data-scroll-offset=\"0\"><h3 id=\"at-973\" class=\"c-accordion__title js-accordion-controller\" role=\"button\">Resultados<\/h3><div id=\"ac-973\" class=\"c-accordion__content\">\n<p>Comunicados aos interessados por email:<\/p>\n\n\n\n<ul>\n<li>Candidaturas requeridas na 1\u00aa Fase &#8211; 2 de setembro de 2025 (sujeito a confirma\u00e7\u00e3o);<\/li>\n\n\n\n<li>Candidaturas requeridas na 2\u00aa Fase &#8211; 21 de janeiro de 2026 (sujeito a confirma\u00e7\u00e3o).<\/li>\n<\/ul>\n\n\n\n<p>A aceita\u00e7\u00e3o da candidatura em cada uma das unidades curriculares est\u00e1 sujeita \u00e0s vagas dispon\u00edveis. A aceita\u00e7\u00e3o da candidatura s\u00f3 \u00e9 v\u00e1lida para o ano letivo em que \u00e9 apresentado o pedido.<\/p>\n\n\n\n<p>Em cada ano letivo o n\u00famero m\u00e1ximo de unidades curriculares isoladas a que um candidato se pode inscrever n\u00e3o poder\u00e1 ultrapassar o total de 30 ECTS.<\/p>\n\n\n\n<p>Sempre que um candidato se inscreve em unidades curriculares isoladas em v\u00e1rios anos letivos, o n\u00famero m\u00e1ximo de unidades curriculares isoladas no total desses anos letivos em que estiver inscrito, n\u00e3o poder\u00e1 ultrapassar os 60 ECTS.<\/p>\n<\/div><\/div>\n\n\n\n<div class=\"wp-block-pb-accordion-item c-accordion__item js-accordion-item no-js\" data-initially-open=\"false\" data-click-to-close=\"true\" data-auto-close=\"true\" data-scroll=\"false\" data-scroll-offset=\"0\"><h3 id=\"at-974\" class=\"c-accordion__title js-accordion-controller\" role=\"button\">Inscri\u00e7\u00e3o<\/h3><div id=\"ac-974\" class=\"c-accordion__content\">\n<p>As inscri\u00e7\u00f5es nas unidades curriculares decorrem nos per\u00edodos abaixo :<\/p>\n\n\n\n<ul>\n<li>Candidaturas aceites na 1\u00aa Fase &#8211; 4 a 5 de setembro de 2025 (sujeito a confirma\u00e7\u00e3o);<\/li>\n\n\n\n<li>Candidaturas aceites na 2\u00aa Fase &#8211; 21 a 23 de janeiro de 2026 (sujeito a confirma\u00e7\u00e3o).<\/li>\n<\/ul>\n<\/div><\/div>\n","protected":false},"excerpt":{"rendered":"Podem candidatar-se a unidades curriculares isoladas os alunos inscritos em curso de licenciatura do ISEG ou outros candidatos. Alunos internacionais com v\u00ednculo a institui\u00e7\u00f5es de ensino superior s\u00f3 podem efetuar&nbsp;[&#8230;]","protected":false},"author":2,"featured_media":0,"parent":50,"menu_order":7,"comment_status":"closed","ping_status":"closed","template":"","meta":{"_uag_custom_page_level_css":"","footnotes":""},"acf":[],"uagb_featured_image_src":{"full":false,"thumbnail":false,"medium":false,"medium_large":false,"large":false,"1536x1536":false,"2048x2048":false,"trp-custom-language-flag":false},"uagb_author_info":{"display_name":"Major","author_link":"https:\/\/www.iseg.ulisboa.pt\/secretaria\/author\/leihla\/"},"uagb_comment_info":0,"uagb_excerpt":"Podem candidatar-se a unidades curriculares isoladas os alunos inscritos em curso de licenciatura do ISEG ou outros candidatos. Alunos internacionais com v\u00ednculo a institui\u00e7\u00f5es de ensino superior s\u00f3 podem efetuar&nbsp;[...]","_links":{"self":[{"href":"https:\/\/www.iseg.ulisboa.pt\/secretaria\/wp-json\/wp\/v2\/pages\/97"}],"collection":[{"href":"https:\/\/www.iseg.ulisboa.pt\/secretaria\/wp-json\/wp\/v2\/pages"}],"about":[{"href":"https:\/\/www.iseg.ulisboa.pt\/secretaria\/wp-json\/wp\/v2\/types\/page"}],"author":[{"embeddable":true,"href":"https:\/\/www.iseg.ulisboa.pt\/secretaria\/wp-json\/wp\/v2\/users\/2"}],"replies":[{"embeddable":true,"href":"https:\/\/www.iseg.ulisboa.pt\/secretaria\/wp-json\/wp\/v2\/comments?post=97"}],"version-history":[{"count":34,"href":"https:\/\/www.iseg.ulisboa.pt\/secretaria\/wp-json\/wp\/v2\/pages\/97\/revisions"}],"predecessor-version":[{"id":6094,"href":"https:\/\/www.iseg.ulisboa.pt\/secretaria\/wp-json\/wp\/v2\/pages\/97\/revisions\/6094"}],"up":[{"embeddable":true,"href":"https:\/\/www.iseg.ulisboa.pt\/secretaria\/wp-json\/wp\/v2\/pages\/50"}],"wp:attachment":[{"href":"https:\/\/www.iseg.ulisboa.pt\/secretaria\/wp-json\/wp\/v2\/media?parent=97"}],"curies":[{"name":"wp","href":"https:\/\/api.w.org\/{rel}","templated":true}]}}