{"id":270,"date":"2025-07-07T10:07:00","date_gmt":"2025-07-07T10:07:00","guid":{"rendered":"https:\/\/www.iseg.ulisboa.pt\/socius\/?page_id=270"},"modified":"2025-11-11T12:22:16","modified_gmt":"2025-11-11T12:22:16","slug":"outros-cursos","status":"publish","type":"page","link":"https:\/\/www.iseg.ulisboa.pt\/socius\/cursos\/outros-cursos\/","title":{"rendered":"Cursos Realizados"},"content":{"rendered":"\n<ul>\n<li><strong>Curso de L\u00edngua e Cultura Japonesa<\/strong>, promovido pelo SOCIUS entre 2005 e 2025\/6, este curso livre foi estruturado em m\u00f3dulos independentes (42h), correspondentes a diversos n\u00edveis de aprendizagem (A1, A2, B1, B2, C1, C2). Os conte\u00fados program\u00e1ticos inclu\u00edam introdu\u00e7\u00e3o \u00e0 cultura e costumes do Jap\u00e3o, vocabul\u00e1rio (express\u00f5es, cumprimentos, n\u00fameros, cores, contagens), alfabeto Hiragana, e pron\u00fancia. A coordena\u00e7\u00e3o do curso ficou a cargo da professora Etsuko Motoki. Professora reconhecida pela Embaixada do Jap\u00e3o em Portugal, Etsuko Motoki \u00e9 tamb\u00e9m tradutora de japon\u00eas, tendo contribu\u00eddo para a tradu\u00e7\u00e3o de in\u00fameros filmes. A sua l\u00edngua nativa \u00e9 o japon\u00eas.<\/li>\n\n\n\n<li><strong>Curso de L\u00edngua e Cultura Russa<\/strong>, promovido pelo SOCIUS entre 2013 e 2025\/6, este curso livre foi estruturado em m\u00f3dulos independentes (60h), correspondentes a diversos n\u00edveis de aprendizagem (A1, A2, B1, B2, C1, C2). Os conte\u00fados program\u00e1ticos inclu\u00edam introdu\u00e7\u00e3o \u00e0 hist\u00f3ria, geografia e cultura da R\u00fassia, estudo do alfabeto cir\u00edlico, enquadramento da l\u00edngua russa na sua evolu\u00e7\u00e3o hist\u00f3rica, t\u00f3picos de comunica\u00e7\u00e3o quotidiana, componente gramatical, g\u00e9nero e n\u00famero dos substantivos, uso de pronomes, adjetivos, numerais ordinais e an\u00e1lise sint\u00e1tica. A coordena\u00e7\u00e3o do curso ficou a cargo da professora Elena Bulakh, investigadora do SOCIUS e do ICS. Doutorada em Lingu\u00edstica Contrastiva, Hist\u00f3rica e Tipol\u00f3gica pela Universidade Lingu\u00edstica de Pyatigorsk (R\u00fassia), Elena Bulakh possui vasta experi\u00eancia no ensino universit\u00e1rio em Portugal e na R\u00fassia e \u00e9 autora de diversas publica\u00e7\u00f5es na \u00e1rea da lingu\u00edstica e cultura russa.<br><br><\/li>\n\n\n\n<li><strong>Curso de Forma\u00e7\u00e3o \u201cA Dimens\u00e3o Vis\u00edvel e Invis\u00edvel da Economia Social em Portugal\u201d<\/strong>, visou dar a conhecer a dimens\u00e3o formal e pr\u00e1tica de um sector constitucionalmente previsto, mas pouco conhecido em termos legais e estat\u00edsticos, que corresponde ao \u201csector cooperativo e social\u201d, como \u00e9 descrito na Constitui\u00e7\u00e3o, e que tem na literatura cient\u00edfica designa\u00e7\u00f5es muito diversas e m\u00faltiplas como Economia Social, Terceiro Sector, Terceiro Sistema, e Economia Alternativa. Apresenta\u00e7\u00e3o da realidade estat\u00edstica em 2010 e 2013, em Portugal, a partir de informa\u00e7\u00e3o retirada das Contas Nacionais Portuguesas e divulgadas, pelo INE e CASES, nas Contas Sat\u00e9lite da Economia Social. Destina-se a todas as pessoas interessadas em conhecer de forma mais profunda o sector designado por \u201csector cooperativo e social\u201d, ou sector da Economia Social. A todos os que de alguma forma trabalhem e atuem, direta ou indiretamente, com e em entidades que integram este sector: cooperativas; associa\u00e7\u00f5es mutualistas; miseric\u00f3rdias; funda\u00e7\u00f5es; IPSS; entidades do subsector comunit\u00e1rio e auto gestion\u00e1rio. Formadora: Isabel Castro, Investigadora do SOCIUS, Doutorada em Sociologia Econ\u00f3mica e das Organiza\u00e7\u00f5es, Mestre em Economia e Pol\u00edtica Social e Licenciada em Economia, com especializa\u00e7\u00e3o em Economia Matem\u00e1tica, pelo ISEG, Universidade de Lisboa. Organiza\u00e7\u00e3o: SOCIUS. A 1\u00aa edi\u00e7\u00e3o deste curso decorreu em 2018.<br><br><\/li>\n\n\n\n<li><strong>Workshops em Metodologias de Investiga\u00e7\u00e3o<\/strong>&nbsp;\u2013 ciclo que englobou os seguintes cursos: inicia\u00e7\u00e3o ao spss; introdu\u00e7\u00e3o aos m\u00e9todos qualitativos; an\u00e1lise de dados multivariada; constru\u00e7\u00e3o online de question\u00e1rios; an\u00e1lise cr\u00edtica, escrita e apresenta\u00e7\u00e3o de trabalhos de investiga\u00e7\u00e3o; a escrita da escrita cient\u00edfica; introdu\u00e7\u00e3o \u00e0s t\u00e9cnicas de amostragem; question\u00e1rio: adapta\u00e7\u00e3o, constru\u00e7\u00e3o e valida\u00e7\u00e3o e an\u00e1lise de conte\u00fado auxiliada por software. Foram realizadas v\u00e1rias edi\u00e7\u00f5es deste ciclo com in\u00edcio em 2011.<br><br><\/li>\n\n\n\n<li><strong>Summer school,&nbsp;<\/strong>Concepts, methods and tools to engage in participatory research and governance processes &#8211; curso que visou melhorar a compreens\u00e3o dos desafios relacionados com a participa\u00e7\u00e3o em processos de pesquisa e de governan\u00e7a; o planeamento dos processos participativos; m\u00e9todos participativos inovadores e ferramentas \u00fateis para abordar quest\u00f5es complexas, em contextos diversos, multi-n\u00edvel; desenvolvimento das capacidades reflexivas para melhoria cont\u00ednua do processo. Formadores: Marta Varanda, Sofia Bento, Jennifer Hauck e Mathieu Dionnet Organiza\u00e7\u00e3o: SOCIUS\/ISEG, LISODE e UFZ Este curso foi realizado em diferentes pa\u00edses, e em Portugal decorreu em 2015.<br><br><\/li>\n\n\n\n<li><strong>Curso de Forma\u00e7\u00e3o \u201cDesigualdades Ambientais\u201d<\/strong>, organizado pelo CES e SOCIUS, visou promover a colabora\u00e7\u00e3o interdisciplinar e a capacidade construtiva de investigadores\/as, decisores\/as e t\u00e9cnicos\/as para que possam melhor perceber e solucionar as desigualdades ambientais no contexto portugu\u00eas. Centrado numa s\u00e9rie de quest\u00f5es relacionadas com justi\u00e7a social e ambiental, o semin\u00e1rio tentar\u00e1 estabelecer o estado da arte assim como consolidar os avan\u00e7os da investiga\u00e7\u00e3o em torno das desigualdades ambientais no contexto portugu\u00eas e internacional. Pretende igualmente criar capacidade cr\u00edtica para o futuro da investiga\u00e7\u00e3o e das pol\u00edticas p\u00fablicas nesta \u00e1rea. Este Curso foi realizado em 2011.<br><br><\/li>\n\n\n\n<li><strong>Cursos de An\u00e1lise de Redes Sociais<\/strong>: transmiss\u00e3o de conhecimentos de base necess\u00e1rios a uma an\u00e1lise de redes sociais (ARS), tais como as especificidades do processo de investiga\u00e7\u00e3o utilizando a ARS, e as principais medidas de caracteriza\u00e7\u00e3o de uma rede. Pretende-se tamb\u00e9m aplicar estas medidas \u00e0 an\u00e1lise de fen\u00f3menos sociais e organizacionais tais como influ\u00eancia social, lideran\u00e7a, difus\u00e3o da informa\u00e7\u00e3o, capital social, solidariedade, ac\u00e7\u00e3o colectiva. Estes cursos tiveram in\u00edcio em 2003 e foram realizados anualmente at\u00e9 2009.<br><br><\/li>\n\n\n\n<li><strong>Curso de Forma\u00e7\u00e3o para Dirigentes Associativos Imigrantes&nbsp;<\/strong>nas seguintes \u00e1reas cient\u00edficas: a) Associativismo; b) Comunica\u00e7\u00e3o e Decis\u00e3o c) Lideran\u00e7a; d) Contabilidade; e) Gest\u00e3o de Projectos e Financiamento. Este curso foi baseado num protocolo estabelecido com a ACIME e teve organiza\u00e7\u00e3o do SOCIUS\/CISEP\/ISEG-UTL. A realiza\u00e7\u00e3o deste curso ocorreu entre novembro de 2004 e fevereiro de 2005.<\/li>\n\n\n\n<li><strong>Curso de Forma\u00e7\u00e3o para Professores do Col\u00e9gio Marista Arquidiciocesano de S\u00e3o Paulo-Brasil,<\/strong>&nbsp;nas \u00e1reas cient\u00edficas da Ecologia Social, Integra\u00e7\u00e3o Europeia e Hist\u00f3ria de Portugal. Foi organizado e realizado pelo SOCIUS em 1999.<\/li>\n\n\n\n<li><strong>Cursos de Forma\u00e7\u00e3o em Gest\u00e3o e Administra\u00e7\u00e3o Escolar no \u00e2mbito do Programa FOCO\/FORGEST<\/strong>, em colabora\u00e7\u00e3o com a Associa\u00e7\u00e3o de Escolas do Concelho da Amadora para professores do ensino secund\u00e1rio, nas seguintes \u00e1reas cient\u00edficas: a) Psicossociologia das Organiza\u00e7\u00f5es; b) M\u00e9todos Quantitativos; c) Economia da Educa\u00e7\u00e3o; d) Direito Administrativo e) Contabilidade nas Institui\u00e7\u00f5es de Ensino. Estes cursos foram realizados nos anos de 1993\/1994 e 1996\/1997.<br><br><\/li>\n\n\n\n<li><strong>Curso de Forma\u00e7\u00e3o no \u00e2mbito do Programa FOCO\/FORGEST para professores do ensino secund\u00e1rio<\/strong>, nas seguintes \u00e1reas cient\u00edficas: a) Desenvolvimento Pessoal e Social; b) Estat\u00edstica; c) Economia; d) T\u00e9cnicas de Organiza\u00e7\u00e3o de Empresas; e) Contabilidade. Este curso foi realizado no ano de 1993.<\/li>\n<\/ul>\n","protected":false},"excerpt":{"rendered":"","protected":false},"author":5,"featured_media":0,"parent":248,"menu_order":6,"comment_status":"closed","ping_status":"closed","template":"","meta":{"inline_featured_image":false,"_uag_custom_page_level_css":"","footnotes":""},"acf":[],"uagb_featured_image_src":{"full":false,"thumbnail":false,"medium":false,"medium_large":false,"large":false,"1536x1536":false,"2048x2048":false},"uagb_author_info":{"display_name":"diogoalmeida","author_link":"https:\/\/www.iseg.ulisboa.pt\/socius\/author\/diogoalmeida\/"},"uagb_comment_info":0,"uagb_excerpt":null,"_links":{"self":[{"href":"https:\/\/www.iseg.ulisboa.pt\/socius\/wp-json\/wp\/v2\/pages\/270"}],"collection":[{"href":"https:\/\/www.iseg.ulisboa.pt\/socius\/wp-json\/wp\/v2\/pages"}],"about":[{"href":"https:\/\/www.iseg.ulisboa.pt\/socius\/wp-json\/wp\/v2\/types\/page"}],"author":[{"embeddable":true,"href":"https:\/\/www.iseg.ulisboa.pt\/socius\/wp-json\/wp\/v2\/users\/5"}],"replies":[{"embeddable":true,"href":"https:\/\/www.iseg.ulisboa.pt\/socius\/wp-json\/wp\/v2\/comments?post=270"}],"version-history":[{"count":4,"href":"https:\/\/www.iseg.ulisboa.pt\/socius\/wp-json\/wp\/v2\/pages\/270\/revisions"}],"predecessor-version":[{"id":355,"href":"https:\/\/www.iseg.ulisboa.pt\/socius\/wp-json\/wp\/v2\/pages\/270\/revisions\/355"}],"up":[{"embeddable":true,"href":"https:\/\/www.iseg.ulisboa.pt\/socius\/wp-json\/wp\/v2\/pages\/248"}],"wp:attachment":[{"href":"https:\/\/www.iseg.ulisboa.pt\/socius\/wp-json\/wp\/v2\/media?parent=270"}],"curies":[{"name":"wp","href":"https:\/\/api.w.org\/{rel}","templated":true}]}}